Last updated on 2025-11-28 10:50:03 CET.
| Flavor | Version | Tinstall | Tcheck | Ttotal | Status | Flags |
|---|---|---|---|---|---|---|
| r-devel-linux-x86_64-debian-clang | 0.5.1-1 | 6.36 | 512.91 | 519.27 | OK | |
| r-devel-linux-x86_64-debian-gcc | 0.5.1-1 | 4.04 | 339.23 | 343.27 | OK | |
| r-devel-linux-x86_64-fedora-clang | 0.5.1-1 | 23.00 | 837.11 | 860.11 | OK | |
| r-devel-linux-x86_64-fedora-gcc | 0.5.1-1 | 18.00 | 777.46 | 795.46 | ERROR | |
| r-devel-windows-x86_64 | 0.5.1-1 | 8.00 | 510.00 | 518.00 | OK | |
| r-patched-linux-x86_64 | 0.5.1-1 | 5.99 | 492.42 | 498.41 | OK | |
| r-release-linux-x86_64 | 0.5.1-1 | 4.96 | 492.70 | 497.66 | OK | |
| r-release-macos-arm64 | 0.5.1-1 | OK | ||||
| r-release-macos-x86_64 | 0.5.1-1 | 5.00 | 513.00 | 518.00 | OK | |
| r-release-windows-x86_64 | 0.5.1-1 | 7.00 | 510.00 | 517.00 | OK | |
| r-oldrel-macos-arm64 | 0.5.1-1 | OK | ||||
| r-oldrel-macos-x86_64 | 0.5.1-1 | 8.00 | 421.00 | 429.00 | OK | |
| r-oldrel-windows-x86_64 | 0.5.1-1 | 9.00 | 698.00 | 707.00 | OK |
Version: 0.5.1-1
Check: examples
Result: ERROR
Running examples in ‘mlrintermbo-Ex.R’ failed
The error most likely occurred in:
> ### Name: makeMlr3Surrogate
> ### Title: Create Surrogate Learner
> ### Aliases: makeMlr3Surrogate
>
> ### ** Examples
>
> # DiceKriging Learner:
> makeMlr3Surrogate()
── <LearnerRegrKM> (regr.km): Kriging ──────────────────────────────────────────
• Model: -
• Parameters: covtype=matern3_2, jitter=1e-12, nugget.estim=TRUE,
optim.method=gen
• Packages: mlr3, mlr3learners, and DiceKriging
• Predict Types: response and [se]
• Feature Types: logical, integer, and numeric
• Encapsulation: none (fallback: -)
• Properties:
• Other settings: use_weights = 'error'
>
> # mlr3pipelines Graph: imputation %>>% 'ranger' (randomForest):
> makeMlr3Surrogate(is.numeric = FALSE)
Error in loadNamespace(x) : there is no package called ‘mlr3pipelines’
Calls: makeMlr3Surrogate ... loadNamespace -> withRestarts -> withOneRestart -> doWithOneRestart
Execution halted
Flavor: r-devel-linux-x86_64-fedora-gcc