Last updated on 2024-05-04 09:49:42 CEST.
Flavor | Version | Tinstall | Tcheck | Ttotal | Status | Flags |
---|---|---|---|---|---|---|
r-devel-linux-x86_64-debian-clang | 0.2.5 | 20.48 | 171.12 | 191.60 | NOTE | |
r-devel-linux-x86_64-debian-gcc | 0.2.5 | 17.11 | 128.21 | 145.32 | NOTE | |
r-devel-linux-x86_64-fedora-clang | 0.2.5 | 238.36 | NOTE | |||
r-devel-linux-x86_64-fedora-gcc | 0.2.5 | 243.74 | NOTE | |||
r-devel-windows-x86_64 | 0.2.5 | 17.00 | 140.00 | 157.00 | NOTE | |
r-patched-linux-x86_64 | 0.2.5 | 27.67 | 163.54 | 191.21 | NOTE | |
r-release-linux-x86_64 | 0.2.5 | 21.34 | 162.24 | 183.58 | NOTE | |
r-release-macos-arm64 | 0.2.5 | 72.00 | NOTE | |||
r-release-windows-x86_64 | 0.2.5 | 18.00 | 138.00 | 156.00 | NOTE | |
r-oldrel-macos-arm64 | 0.2.5 | 79.00 | OK | |||
r-oldrel-macos-x86_64 | 0.2.5 | 170.00 | OK | |||
r-oldrel-windows-x86_64 | 0.2.5 | 24.00 | 164.00 | 188.00 | OK |
Version: 0.2.5
Check: Rd files
Result: NOTE
checkRd: (-1) postPredSPD.Rd:53: Lost braces in \itemize; \value handles \item{}{} directly
checkRd: (-1) postPredSPD.Rd:54: Lost braces in \itemize; \value handles \item{}{} directly
Flavors: r-devel-linux-x86_64-debian-clang, r-devel-linux-x86_64-debian-gcc, r-devel-linux-x86_64-fedora-clang, r-devel-linux-x86_64-fedora-gcc, r-devel-windows-x86_64, r-patched-linux-x86_64, r-release-linux-x86_64, r-release-macos-arm64, r-release-windows-x86_64