Last updated on 2025-07-21 10:51:22 CEST.
Flavor | Version | Tinstall | Tcheck | Ttotal | Status | Flags |
---|---|---|---|---|---|---|
r-devel-linux-x86_64-debian-clang | 0.1.0 | 10.11 | 77.53 | 87.64 | NOTE | |
r-devel-linux-x86_64-debian-gcc | 0.1.0 | 7.26 | 56.16 | 63.42 | NOTE | |
r-devel-linux-x86_64-fedora-clang | 0.1.0 | 139.22 | OK | |||
r-devel-linux-x86_64-fedora-gcc | 0.1.0 | 128.74 | OK | |||
r-devel-windows-x86_64 | 0.1.0 | 10.00 | 86.00 | 96.00 | OK | |
r-patched-linux-x86_64 | 0.1.0 | 8.92 | 71.17 | 80.09 | OK | |
r-release-linux-x86_64 | 0.1.0 | 8.08 | 72.57 | 80.65 | OK | |
r-release-macos-arm64 | 0.1.0 | 40.00 | OK | |||
r-release-macos-x86_64 | 0.1.0 | 69.00 | OK | |||
r-release-windows-x86_64 | 0.1.0 | 10.00 | 86.00 | 96.00 | OK | |
r-oldrel-macos-arm64 | 0.1.0 | 39.00 | OK | |||
r-oldrel-macos-x86_64 | 0.1.0 | 59.00 | OK | |||
r-oldrel-windows-x86_64 | 0.1.0 | 14.00 | 105.00 | 119.00 | OK |
Version: 0.1.0
Check: CRAN incoming feasibility
Result: NOTE
Maintainer: ‘Yang Tian <tianyang1211@126.com>’
The Description field contains
Grover, Jure Leskovec(2016),available at <arXiv:1607.00653>.
Please refer to arXiv e-prints via their arXiv DOI <doi:10.48550/arXiv.YYMM.NNNNN>.
Flavors: r-devel-linux-x86_64-debian-clang, r-devel-linux-x86_64-debian-gcc