Last updated on 2024-05-04 09:49:43 CEST.
Flavor | Version | Tinstall | Tcheck | Ttotal | Status | Flags |
---|---|---|---|---|---|---|
r-devel-linux-x86_64-debian-clang | 0.1-2 | 11.84 | 96.21 | 108.05 | NOTE | |
r-devel-linux-x86_64-debian-gcc | 0.1-2 | 9.54 | 70.49 | 80.03 | NOTE | |
r-devel-linux-x86_64-fedora-clang | 0.1-2 | 131.67 | NOTE | |||
r-devel-linux-x86_64-fedora-gcc | 0.1-2 | 123.79 | NOTE | |||
r-devel-windows-x86_64 | 0.1-2 | 10.00 | 85.00 | 95.00 | NOTE | |
r-patched-linux-x86_64 | 0.1-2 | 11.92 | 91.24 | 103.16 | NOTE | |
r-release-linux-x86_64 | 0.1-2 | 10.57 | 91.90 | 102.47 | NOTE | |
r-release-macos-arm64 | 0.1-2 | 38.00 | NOTE | |||
r-release-windows-x86_64 | 0.1-2 | 10.00 | 86.00 | 96.00 | NOTE | |
r-oldrel-macos-arm64 | 0.1-2 | 40.00 | OK | |||
r-oldrel-macos-x86_64 | 0.1-2 | 69.00 | OK | |||
r-oldrel-windows-x86_64 | 0.1-2 | 13.00 | 103.00 | 116.00 | OK |
Version: 0.1-2
Check: Rd files
Result: NOTE
checkRd: (-1) lorenz.Rd:82: Lost braces; missing escapes or markup?
82 | L_i = sum_{j=1}^{i} x_j * n_j / sum_{j=1}^{n} x_j * n_j.
| ^
checkRd: (-1) lorenz.Rd:82: Lost braces; missing escapes or markup?
82 | L_i = sum_{j=1}^{i} x_j * n_j / sum_{j=1}^{n} x_j * n_j.
| ^
checkRd: (-1) lorenz.Rd:82: Lost braces; missing escapes or markup?
82 | L_i = sum_{j=1}^{i} x_j * n_j / sum_{j=1}^{n} x_j * n_j.
| ^
checkRd: (-1) lorenz.Rd:82: Lost braces; missing escapes or markup?
82 | L_i = sum_{j=1}^{i} x_j * n_j / sum_{j=1}^{n} x_j * n_j.
| ^
checkRd: (-1) lorenz.Rd:83: Lost braces; missing escapes or markup?
83 | where x_i are indexed in non-decreasing order (x_i <= x_{i+1}).
| ^
Flavors: r-devel-linux-x86_64-debian-clang, r-devel-linux-x86_64-debian-gcc, r-devel-linux-x86_64-fedora-clang, r-devel-linux-x86_64-fedora-gcc, r-devel-windows-x86_64, r-patched-linux-x86_64, r-release-linux-x86_64, r-release-macos-arm64, r-release-windows-x86_64