Last updated on 2024-05-04 09:49:43 CEST.
Flavor | Version | Tinstall | Tcheck | Ttotal | Status | Flags |
---|---|---|---|---|---|---|
r-devel-linux-x86_64-debian-clang | 1.0.0 | 8.80 | 61.97 | 70.77 | NOTE | |
r-devel-linux-x86_64-debian-gcc | 1.0.0 | 7.35 | 43.38 | 50.73 | NOTE | |
r-devel-linux-x86_64-fedora-clang | 1.0.0 | 87.08 | NOTE | |||
r-devel-linux-x86_64-fedora-gcc | 1.0.0 | 83.09 | NOTE | |||
r-devel-windows-x86_64 | 1.0.0 | 9.00 | 62.00 | 71.00 | NOTE | |
r-patched-linux-x86_64 | 1.0.0 | 6.29 | 58.62 | 64.91 | NOTE | |
r-release-linux-x86_64 | 1.0.0 | 6.68 | 57.92 | 64.60 | NOTE | |
r-release-macos-arm64 | 1.0.0 | 24.00 | NOTE | |||
r-release-windows-x86_64 | 1.0.0 | 9.00 | 58.00 | 67.00 | NOTE | |
r-oldrel-macos-arm64 | 1.0.0 | 28.00 | NOTE | |||
r-oldrel-macos-x86_64 | 1.0.0 | 41.00 | NOTE | |||
r-oldrel-windows-x86_64 | 1.0.0 | 12.00 | 64.00 | 76.00 | NOTE |
Version: 1.0.0
Check: LazyData
Result: NOTE
'LazyData' is specified without a 'data' directory
Flavors: r-devel-linux-x86_64-debian-clang, r-devel-linux-x86_64-debian-gcc, r-devel-linux-x86_64-fedora-clang, r-devel-linux-x86_64-fedora-gcc, r-devel-windows-x86_64, r-patched-linux-x86_64, r-release-linux-x86_64, r-release-macos-arm64, r-release-windows-x86_64, r-oldrel-macos-arm64, r-oldrel-macos-x86_64, r-oldrel-windows-x86_64