Last updated on 2024-05-02 10:48:54 CEST.
Flavor | Version | Tinstall | Tcheck | Ttotal | Status | Flags |
---|---|---|---|---|---|---|
r-devel-linux-x86_64-debian-clang | 1.0-6.1 | 6.40 | 51.62 | 58.02 | NOTE | |
r-devel-linux-x86_64-debian-gcc | 1.0-6.1 | 4.13 | 37.88 | 42.01 | NOTE | |
r-devel-linux-x86_64-fedora-clang | 1.0-6.1 | 70.52 | NOTE | |||
r-devel-linux-x86_64-fedora-gcc | 1.0-6.1 | 68.70 | NOTE | |||
r-devel-windows-x86_64 | 1.0-6.1 | 6.00 | 78.00 | 84.00 | NOTE | |
r-patched-linux-x86_64 | 1.0-6.1 | 6.14 | 49.35 | 55.49 | NOTE | |
r-release-linux-x86_64 | 1.0-6.1 | 5.74 | 49.16 | 54.90 | NOTE | |
r-release-macos-arm64 | 1.0-6.1 | 22.00 | NOTE | |||
r-release-windows-x86_64 | 1.0-6.1 | 6.00 | 78.00 | 84.00 | NOTE | |
r-oldrel-macos-arm64 | 1.0-6.1 | 29.00 | OK | |||
r-oldrel-macos-x86_64 | 1.0-6.1 | 37.00 | OK | |||
r-oldrel-windows-x86_64 | 1.0-6.1 | 6.00 | 84.00 | 90.00 | OK |
Version: 1.0-6.1
Check: Rd files
Result: NOTE
checkRd: (-1) polynomial.derivatives.Rd:18: Lost braces in \itemize; meant \describe ?
checkRd: (-1) polynomial.derivatives.Rd:19: Lost braces in \itemize; meant \describe ?
checkRd: (-1) polynomial.derivatives.Rd:21: Lost braces in \itemize; meant \describe ?
checkRd: (-1) polynomial.integrals.Rd:18: Lost braces in \itemize; meant \describe ?
checkRd: (-1) polynomial.integrals.Rd:19: Lost braces in \itemize; meant \describe ?
checkRd: (-1) polynomial.integrals.Rd:21: Lost braces in \itemize; meant \describe ?
Flavors: r-devel-linux-x86_64-debian-clang, r-devel-linux-x86_64-debian-gcc, r-devel-linux-x86_64-fedora-clang, r-devel-linux-x86_64-fedora-gcc, r-devel-windows-x86_64, r-patched-linux-x86_64, r-release-linux-x86_64, r-release-macos-arm64, r-release-windows-x86_64