Last updated on 2024-05-02 10:48:54 CEST.
Flavor | Version | Tinstall | Tcheck | Ttotal | Status | Flags |
---|---|---|---|---|---|---|
r-devel-linux-x86_64-debian-clang | 1.9.0 | 117.00 | 49.21 | 166.21 | OK | |
r-devel-linux-x86_64-debian-gcc | 1.9.0 | 83.36 | 37.46 | 120.82 | OK | |
r-devel-linux-x86_64-fedora-clang | 1.9.0 | 247.98 | OK | |||
r-devel-linux-x86_64-fedora-gcc | 1.9.0 | 244.34 | OK | |||
r-devel-windows-x86_64 | 1.9.0 | 87.00 | 79.00 | 166.00 | OK | |
r-patched-linux-x86_64 | 1.9.0 | 112.77 | 47.06 | 159.83 | OK | |
r-release-linux-x86_64 | 1.9.0 | 110.92 | 46.22 | 157.14 | OK | |
r-release-macos-arm64 | 1.9.0 | 62.00 | NOTE | |||
r-release-macos-x86_64 | 1.9.0 | 147.00 | NOTE | |||
r-release-windows-x86_64 | 1.9.0 | 90.00 | 80.00 | 170.00 | OK | |
r-oldrel-macos-arm64 | 1.9.0 | 69.00 | NOTE | |||
r-oldrel-macos-x86_64 | 1.9.0 | 141.00 | NOTE | |||
r-oldrel-windows-x86_64 | 1.9.0 | 107.00 | 88.00 | 195.00 | OK |
Version: 1.9.0
Check: installed package size
Result: NOTE
installed size is 6.9Mb
sub-directories of 1Mb or more:
doc 1.1Mb
libs 5.5Mb
Flavors: r-release-macos-arm64, r-release-macos-x86_64, r-oldrel-macos-arm64, r-oldrel-macos-x86_64