Last updated on 2024-05-04 09:49:43 CEST.
Flavor | Version | Tinstall | Tcheck | Ttotal | Status | Flags |
---|---|---|---|---|---|---|
r-devel-linux-x86_64-debian-clang | 2.1-3 | 13.74 | 205.12 | 218.86 | NOTE | |
r-devel-linux-x86_64-debian-gcc | 2.1-3 | 10.14 | 145.43 | 155.57 | NOTE | |
r-devel-linux-x86_64-fedora-clang | 2.1-3 | 271.79 | NOTE | |||
r-devel-linux-x86_64-fedora-gcc | 2.1-3 | 275.63 | NOTE | |||
r-devel-windows-x86_64 | 2.1-3 | 13.00 | 168.00 | 181.00 | NOTE | |
r-patched-linux-x86_64 | 2.1-3 | 21.57 | 197.57 | 219.14 | NOTE | |
r-release-linux-x86_64 | 2.1-3 | 8.31 | 194.13 | 202.44 | NOTE | |
r-release-macos-arm64 | 2.1-3 | 85.00 | NOTE | |||
r-release-windows-x86_64 | 2.1-3 | 12.00 | 167.00 | 179.00 | NOTE | |
r-oldrel-macos-arm64 | 2.1-3 | 73.00 | OK | |||
r-oldrel-macos-x86_64 | 2.1-3 | 133.00 | OK | |||
r-oldrel-windows-x86_64 | 2.1-3 | 16.00 | 204.00 | 220.00 | OK |
Version: 2.1-3
Check: Rd files
Result: NOTE
checkRd: (-1) jointsig.Rd:43: Lost braces in \itemize; \value handles \item{}{} directly
checkRd: (-1) jointsig.Rd:44-45: Lost braces in \itemize; \value handles \item{}{} directly
checkRd: (-1) jointsig.Rd:46-48: Lost braces in \itemize; \value handles \item{}{} directly
checkRd: (-1) jointsig.Rd:49-50: Lost braces in \itemize; \value handles \item{}{} directly
checkRd: (-1) jointsig.Rd:51-52: Lost braces in \itemize; \value handles \item{}{} directly
checkRd: (-1) jointsig.Rd:53: Lost braces in \itemize; \value handles \item{}{} directly
checkRd: (-1) obs.cor.Rd:114-118: Lost braces in \itemize; \value handles \item{}{} directly
checkRd: (-1) obs.cor.Rd:119-122: Lost braces in \itemize; \value handles \item{}{} directly
checkRd: (-1) obs.cor.Rd:123-124: Lost braces in \itemize; \value handles \item{}{} directly
checkRd: (-1) predict.agelme.Rd:25: Lost braces in \itemize; \value handles \item{}{} directly
checkRd: (-1) predict.agelme.Rd:26: Lost braces in \itemize; \value handles \item{}{} directly
checkRd: (-1) predict.agelme.Rd:27: Lost braces in \itemize; \value handles \item{}{} directly
checkRd: (-1) predict.agelme.Rd:28: Lost braces in \itemize; \value handles \item{}{} directly
checkRd: (-1) predict.agelme.Rd:29: Lost braces in \itemize; \value handles \item{}{} directly
checkRd: (-1) randomTF.Rd:97: Lost braces in \itemize; \value handles \item{}{} directly
checkRd: (-1) randomTF.Rd:98-99: Lost braces in \itemize; \value handles \item{}{} directly
checkRd: (-1) randomTF.Rd:100-103: Lost braces in \itemize; \value handles \item{}{} directly
checkRd: (-1) randomTF.Rd:104-105: Lost braces in \itemize; \value handles \item{}{} directly
checkRd: (-1) randomTF.Rd:106-107: Lost braces in \itemize; \value handles \item{}{} directly
checkRd: (-1) randomTF.Rd:108: Lost braces in \itemize; \value handles \item{}{} directly
checkRd: (-1) rne.Rd:46: Lost braces in \itemize; \value handles \item{}{} directly
checkRd: (-1) rne.Rd:47-48: Lost braces in \itemize; \value handles \item{}{} directly
Flavors: r-devel-linux-x86_64-debian-clang, r-devel-linux-x86_64-debian-gcc, r-devel-linux-x86_64-fedora-clang, r-devel-linux-x86_64-fedora-gcc, r-devel-windows-x86_64, r-patched-linux-x86_64, r-release-linux-x86_64, r-release-macos-arm64, r-release-windows-x86_64