Last updated on 2024-05-04 09:49:43 CEST.
Flavor | Version | Tinstall | Tcheck | Ttotal | Status | Flags |
---|---|---|---|---|---|---|
r-devel-linux-x86_64-debian-clang | 0.1-4 | 2.55 | 28.83 | 31.38 | OK | |
r-devel-linux-x86_64-debian-gcc | 0.1-4 | 2.37 | 22.79 | 25.16 | OK | |
r-devel-linux-x86_64-fedora-clang | 0.1-4 | 40.44 | OK | |||
r-devel-linux-x86_64-fedora-gcc | 0.1-4 | 41.70 | NOTE | |||
r-devel-windows-x86_64 | 0.1-4 | 4.00 | 44.00 | 48.00 | OK | |
r-patched-linux-x86_64 | 0.1-4 | 3.02 | 28.08 | 31.10 | OK | |
r-release-linux-x86_64 | 0.1-4 | 2.71 | 28.61 | 31.32 | OK | |
r-release-macos-arm64 | 0.1-4 | 18.00 | OK | |||
r-release-windows-x86_64 | 0.1-4 | 4.00 | 44.00 | 48.00 | OK | |
r-oldrel-macos-arm64 | 0.1-4 | 21.00 | OK | |||
r-oldrel-macos-x86_64 | 0.1-4 | 24.00 | OK | |||
r-oldrel-windows-x86_64 | 0.1-4 | 4.00 | 47.00 | 51.00 | OK |
Version: 0.1-4
Check: for non-standard things in the check directory
Result: NOTE
Found the following files/directories:
‘Minimal-concordance.tex’ ‘Minimal.Rnw’ ‘Minimal.pdf’
‘Minimal.synctex.gz’ ‘Minimal.tex’ ‘figure’
Flavor: r-devel-linux-x86_64-fedora-gcc