Last updated on 2024-05-04 09:49:44 CEST.
Flavor | Version | Tinstall | Tcheck | Ttotal | Status | Flags |
---|---|---|---|---|---|---|
r-devel-linux-x86_64-debian-clang | 1.0.9 | 12.21 | 72.70 | 84.91 | OK | |
r-devel-linux-x86_64-debian-gcc | 1.0.9 | 7.68 | 52.28 | 59.96 | OK | |
r-devel-linux-x86_64-fedora-clang | 1.0.9 | 110.28 | OK | |||
r-devel-linux-x86_64-fedora-gcc | 1.0.9 | 107.93 | OK | |||
r-devel-windows-x86_64 | 1.0.9 | 10.00 | 68.00 | 78.00 | OK | |
r-patched-linux-x86_64 | 1.0.9 | 12.65 | 66.92 | 79.57 | OK | |
r-release-linux-x86_64 | 1.0.9 | 11.20 | 67.53 | 78.73 | OK | |
r-release-macos-arm64 | 1.0.9 | 28.00 | OK | |||
r-release-windows-x86_64 | 1.0.9 | 11.00 | 68.00 | 79.00 | OK | |
r-oldrel-macos-arm64 | 1.0.9 | 31.00 | OK | |||
r-oldrel-macos-x86_64 | 1.0.9 | 48.00 | NOTE | |||
r-oldrel-windows-x86_64 | 1.0.9 | 13.00 | 79.00 | 92.00 | OK |
Version: 1.0.9
Check: package dependencies
Result: NOTE
Package suggested but not available for checking: ‘BiocParallel’
Flavor: r-oldrel-macos-x86_64