Last updated on 2024-05-02 10:48:56 CEST.
Flavor | Version | Tinstall | Tcheck | Ttotal | Status | Flags |
---|---|---|---|---|---|---|
r-devel-linux-x86_64-debian-clang | 1.1-12 | 10.38 | 37.85 | 48.23 | OK | |
r-devel-linux-x86_64-debian-gcc | 1.1-12 | 7.18 | 27.67 | 34.85 | OK | |
r-devel-linux-x86_64-fedora-clang | 1.1-12 | 57.45 | OK | |||
r-devel-linux-x86_64-fedora-gcc | 1.1-12 | 55.68 | OK | |||
r-devel-windows-x86_64 | 1.1-12 | 11.00 | 52.00 | 63.00 | OK | |
r-patched-linux-x86_64 | 1.1-12 | 8.30 | 36.23 | 44.53 | OK | |
r-release-linux-x86_64 | 1.1-12 | 8.16 | 36.35 | 44.51 | OK | |
r-release-macos-arm64 | 1.1-12 | 22.00 | OK | |||
r-release-windows-x86_64 | 1.1-12 | 12.00 | 53.00 | 65.00 | OK | |
r-oldrel-macos-arm64 | 1.1-12 | 23.00 | OK | |||
r-oldrel-macos-x86_64 | 1.1-12 | 31.00 | NOTE | |||
r-oldrel-windows-x86_64 | 1.1-12 | 13.00 | 56.00 | 69.00 | OK |
Version: 1.1-12
Check: package dependencies
Result: NOTE
Package suggested but not available for checking: ‘ellipse’
Flavor: r-oldrel-macos-x86_64