Last updated on 2024-05-04 09:49:44 CEST.
Flavor | Version | Tinstall | Tcheck | Ttotal | Status | Flags |
---|---|---|---|---|---|---|
r-devel-linux-x86_64-debian-clang | 1.3.0 | 10.97 | 271.22 | 282.19 | OK | |
r-devel-linux-x86_64-debian-gcc | 1.3.0 | 10.17 | 189.13 | 199.30 | OK | |
r-devel-linux-x86_64-fedora-clang | 1.3.0 | 341.49 | OK | |||
r-devel-linux-x86_64-fedora-gcc | 1.3.0 | 347.21 | OK | |||
r-devel-windows-x86_64 | 1.3.0 | 11.00 | 191.00 | 202.00 | OK | |
r-patched-linux-x86_64 | 1.3.0 | 11.00 | 255.34 | 266.34 | OK | |
r-release-linux-x86_64 | 1.3.0 | 10.26 | 245.74 | 256.00 | OK | |
r-release-macos-arm64 | 1.3.0 | 85.00 | NOTE | |||
r-release-windows-x86_64 | 1.3.0 | 11.00 | 196.00 | 207.00 | OK | |
r-oldrel-macos-arm64 | 1.3.0 | 97.00 | OK | |||
r-oldrel-macos-x86_64 | 1.3.0 | 155.00 | OK | |||
r-oldrel-windows-x86_64 | 1.3.0 | 15.00 | 228.00 | 243.00 | OK |
Version: 1.3.0
Check: installed package size
Result: NOTE
installed size is 5.0Mb
sub-directories of 1Mb or more:
data 1.1Mb
doc 3.0Mb
Flavor: r-release-macos-arm64