Last updated on 2024-05-04 09:49:44 CEST.
Flavor | Version | Tinstall | Tcheck | Ttotal | Status | Flags |
---|---|---|---|---|---|---|
r-devel-linux-x86_64-debian-clang | 1.1.0.1 | 10.86 | 230.57 | 241.43 | OK | |
r-devel-linux-x86_64-debian-gcc | 1.1.0.1 | 10.00 | 152.53 | 162.53 | OK | |
r-devel-linux-x86_64-fedora-clang | 1.1.0.1 | 277.65 | NOTE | |||
r-devel-linux-x86_64-fedora-gcc | 1.1.0.1 | 281.10 | OK | |||
r-devel-windows-x86_64 | 1.1.0.1 | 10.00 | 150.00 | 160.00 | NOTE | |
r-patched-linux-x86_64 | 1.1.0.1 | 11.54 | 209.98 | 221.52 | OK | |
r-release-linux-x86_64 | 1.1.0.1 | 12.14 | 204.34 | 216.48 | OK | |
r-release-macos-arm64 | 1.1.0.1 | 63.00 | NOTE | |||
r-release-windows-x86_64 | 1.1.0.1 | 10.00 | 147.00 | 157.00 | NOTE | |
r-oldrel-macos-arm64 | 1.1.0.1 | 70.00 | NOTE | |||
r-oldrel-macos-x86_64 | 1.1.0.1 | 168.00 | NOTE | |||
r-oldrel-windows-x86_64 | 1.1.0.1 | 12.00 | 183.00 | 195.00 | NOTE |
Version: 1.1.0.1
Check: installed package size
Result: NOTE
installed size is 6.7Mb
sub-directories of 1Mb or more:
doc 6.2Mb
Flavors: r-devel-linux-x86_64-fedora-clang, r-devel-windows-x86_64, r-release-macos-arm64, r-release-windows-x86_64, r-oldrel-macos-arm64, r-oldrel-macos-x86_64, r-oldrel-windows-x86_64