Last updated on 2024-05-02 10:48:56 CEST.
Flavor | Version | Tinstall | Tcheck | Ttotal | Status | Flags |
---|---|---|---|---|---|---|
r-devel-linux-x86_64-debian-clang | 0.5.3 | 34.79 | 122.58 | 157.37 | OK | |
r-devel-linux-x86_64-debian-gcc | 0.5.3 | 26.49 | 92.08 | 118.57 | OK | |
r-devel-linux-x86_64-fedora-clang | 0.5.3 | 203.22 | NOTE | |||
r-devel-linux-x86_64-fedora-gcc | 0.5.3 | 201.61 | OK | |||
r-devel-windows-x86_64 | 0.5.3 | 28.00 | 118.00 | 146.00 | OK | |
r-patched-linux-x86_64 | 0.5.3 | 26.74 | 118.79 | 145.53 | OK | |
r-release-linux-x86_64 | 0.5.3 | 22.52 | 116.31 | 138.83 | OK | |
r-release-macos-arm64 | 0.5.3 | 63.00 | OK | |||
r-release-windows-x86_64 | 0.5.3 | 30.00 | 117.00 | 147.00 | OK | |
r-oldrel-macos-arm64 | 0.5.3 | 57.00 | OK | |||
r-oldrel-macos-x86_64 | 0.5.3 | 90.00 | OK | |||
r-oldrel-windows-x86_64 | 0.5.3 | 37.00 | 141.00 | 178.00 | OK |
Version: 0.5.3
Check: package dependencies
Result: NOTE
Imports includes 21 non-default packages.
Importing from so many packages makes the package vulnerable to any of
them becoming unavailable. Move as many as possible to Suggests and
use conditionally.
Flavor: r-devel-linux-x86_64-fedora-clang