Last updated on 2025-10-22 09:50:47 CEST.
Flavor | Version | Tinstall | Tcheck | Ttotal | Status | Flags |
---|---|---|---|---|---|---|
r-devel-linux-x86_64-debian-clang | 0.5.0 | 8.13 | 195.40 | 203.53 | NOTE | |
r-devel-linux-x86_64-debian-gcc | 0.5.0 | 4.57 | 131.95 | 136.52 | NOTE | |
r-devel-linux-x86_64-fedora-clang | 0.5.0 | 39.00 | 297.20 | 336.20 | NOTE | |
r-devel-linux-x86_64-fedora-gcc | 0.5.0 | 15.00 | 311.27 | 326.27 | NOTE | |
r-devel-windows-x86_64 | 0.5.0 | 9.00 | 193.00 | 202.00 | OK | |
r-patched-linux-x86_64 | 0.5.0 | 6.83 | 189.36 | 196.19 | OK | |
r-release-linux-x86_64 | 0.5.0 | 5.52 | 186.24 | 191.76 | OK | |
r-release-macos-arm64 | 0.5.0 | 3.00 | 75.00 | 78.00 | OK | |
r-release-macos-x86_64 | 0.5.0 | 6.00 | 148.00 | 154.00 | OK | |
r-release-windows-x86_64 | 0.5.0 | 9.00 | 193.00 | 202.00 | OK | |
r-oldrel-macos-arm64 | 0.5.0 | 3.00 | 75.00 | 78.00 | OK | |
r-oldrel-macos-x86_64 | 0.5.0 | 5.00 | 102.00 | 107.00 | OK | |
r-oldrel-windows-x86_64 | 0.5.0 | 11.00 | 254.00 | 265.00 | OK |
Version: 0.5.0
Check: HTML version of manual
Result: NOTE
Found the following HTML validation problems:
coefficent_to_p.html:54:1 (coefficent_to_p.Rd:14): Warning: missing </ul> before </div>
Flavors: r-devel-linux-x86_64-debian-clang, r-devel-linux-x86_64-debian-gcc
Version: 0.5.0
Check: dependencies in R code
Result: NOTE
Namespaces in Imports field not imported from:
‘lifecycle’ ‘patchwork’
All declared Imports should be used.
Flavors: r-devel-linux-x86_64-fedora-clang, r-devel-linux-x86_64-fedora-gcc