Last updated on 2024-05-04 09:49:45 CEST.
Flavor | Version | Tinstall | Tcheck | Ttotal | Status | Flags |
---|---|---|---|---|---|---|
r-devel-linux-x86_64-debian-clang | 1.2.1 | 97.05 | 158.67 | 255.72 | OK | |
r-devel-linux-x86_64-debian-gcc | 1.2.1 | 68.19 | 112.85 | 181.04 | OK | |
r-devel-linux-x86_64-fedora-clang | 1.2.1 | 332.91 | NOTE | |||
r-devel-linux-x86_64-fedora-gcc | 1.2.1 | 330.35 | NOTE | |||
r-devel-windows-x86_64 | 1.2.1 | 73.00 | 135.00 | 208.00 | OK | |
r-patched-linux-x86_64 | 1.2.1 | 88.49 | 145.13 | 233.62 | OK | |
r-release-linux-x86_64 | 1.2.1 | 84.21 | 145.54 | 229.75 | OK | |
r-release-macos-arm64 | 1.2.1 | 65.00 | OK | |||
r-release-windows-x86_64 | 1.2.1 | 71.00 | 137.00 | 208.00 | OK | |
r-oldrel-macos-arm64 | 1.2.1 | 86.00 | OK | |||
r-oldrel-macos-x86_64 | 1.2.1 | 131.00 | OK | |||
r-oldrel-windows-x86_64 | 1.2.1 | 86.00 | 170.00 | 256.00 | OK |
Version: 1.2.1
Check: dependencies in R code
Result: NOTE
Namespace in Imports field not imported from: ‘comat’
All declared Imports should be used.
Flavors: r-devel-linux-x86_64-fedora-clang, r-devel-linux-x86_64-fedora-gcc