Last updated on 2024-05-04 09:49:46 CEST.
Flavor | Version | Tinstall | Tcheck | Ttotal | Status | Flags |
---|---|---|---|---|---|---|
r-devel-linux-x86_64-debian-clang | 0.1.4 | 14.06 | 123.55 | 137.61 | NOTE | |
r-devel-linux-x86_64-debian-gcc | 0.1.4 | 10.38 | 91.69 | 102.07 | NOTE | |
r-devel-linux-x86_64-fedora-clang | 0.1.4 | 174.27 | NOTE | |||
r-devel-linux-x86_64-fedora-gcc | 0.1.4 | 176.02 | NOTE | |||
r-devel-windows-x86_64 | 0.1.4 | 14.00 | 150.00 | 164.00 | NOTE | |
r-patched-linux-x86_64 | 0.1.4 | 21.32 | 117.66 | 138.98 | NOTE | |
r-release-linux-x86_64 | 0.1.4 | 7.42 | 119.79 | 127.21 | NOTE | |
r-release-macos-arm64 | 0.1.4 | 57.00 | NOTE | |||
r-release-windows-x86_64 | 0.1.4 | 13.00 | 152.00 | 165.00 | NOTE | |
r-oldrel-macos-arm64 | 0.1.4 | 55.00 | NOTE | |||
r-oldrel-macos-x86_64 | 0.1.4 | 93.00 | NOTE | |||
r-oldrel-windows-x86_64 | 0.1.4 | 16.00 | 174.00 | 190.00 | NOTE |
Version: 0.1.4
Check: LazyData
Result: NOTE
'LazyData' is specified without a 'data' directory
Flavors: r-devel-linux-x86_64-debian-clang, r-devel-linux-x86_64-debian-gcc, r-devel-linux-x86_64-fedora-clang, r-devel-linux-x86_64-fedora-gcc, r-devel-windows-x86_64, r-patched-linux-x86_64, r-release-linux-x86_64, r-release-macos-arm64, r-release-windows-x86_64, r-oldrel-macos-arm64, r-oldrel-macos-x86_64, r-oldrel-windows-x86_64