Last updated on 2024-05-04 09:49:46 CEST.
Flavor | Version | Tinstall | Tcheck | Ttotal | Status | Flags |
---|---|---|---|---|---|---|
r-devel-linux-x86_64-debian-clang | 1.0.0 | 2.46 | 40.89 | 43.35 | OK | |
r-devel-linux-x86_64-debian-gcc | 1.0.0 | 1.86 | 29.95 | 31.81 | OK | |
r-devel-linux-x86_64-fedora-clang | 1.0.0 | 53.54 | OK | |||
r-devel-linux-x86_64-fedora-gcc | 1.0.0 | 63.79 | OK | |||
r-devel-windows-x86_64 | 1.0.0 | 3.00 | 50.00 | 53.00 | OK | |
r-patched-linux-x86_64 | 1.0.0 | 2.58 | 38.49 | 41.07 | OK | |
r-release-linux-x86_64 | 1.0.0 | 2.46 | 37.51 | 39.97 | OK | |
r-release-macos-arm64 | 1.0.0 | 22.00 | OK | |||
r-release-windows-x86_64 | 1.0.0 | 4.00 | 47.00 | 51.00 | ERROR | |
r-oldrel-macos-arm64 | 1.0.0 | 24.00 | OK | |||
r-oldrel-macos-x86_64 | 1.0.0 | 34.00 | OK | |||
r-oldrel-windows-x86_64 | 1.0.0 | 3.00 | 53.00 | 56.00 | OK |
Version: 1.0.0
Check: re-building of vignette outputs
Result: ERROR
Error(s) in re-building vignettes:
--- re-building 'restrictions.Rmd' using rmarkdown
Quitting from lines at lines 129-197 [advanced] (restrictions.Rmd)
Error: processing vignette 'restrictions.Rmd' failed with diagnostics:
cannot open the connection to 'https://raw.githubusercontent.com/zonination/emperors/master/emperors.csv'
--- failed re-building 'restrictions.Rmd'
SUMMARY: processing the following file failed:
'restrictions.Rmd'
Error: Vignette re-building failed.
Execution halted
Flavor: r-release-windows-x86_64