Last updated on 2024-05-04 09:49:47 CEST.
Flavor | Version | Tinstall | Tcheck | Ttotal | Status | Flags |
---|---|---|---|---|---|---|
r-devel-linux-x86_64-debian-clang | 5.9-0.10 | 21.16 | 51.27 | 72.43 | OK | |
r-devel-linux-x86_64-debian-gcc | 5.9-0.10 | 14.04 | 46.98 | 61.02 | OK | |
r-devel-linux-x86_64-fedora-clang | 5.9-0.10 | 89.70 | NOTE | |||
r-devel-linux-x86_64-fedora-gcc | 5.9-0.10 | 114.20 | OK | |||
r-devel-windows-x86_64 | 5.9-0.10 | 19.00 | 101.00 | 120.00 | OK | |
r-patched-linux-x86_64 | 5.9-0.10 | 18.60 | 59.71 | 78.31 | OK | |
r-release-linux-x86_64 | 5.9-0.10 | 17.74 | 61.01 | 78.75 | OK | |
r-release-macos-arm64 | 5.9-0.10 | 36.00 | OK | |||
r-release-windows-x86_64 | 5.9-0.10 | 20.00 | 97.00 | 117.00 | OK | |
r-oldrel-macos-arm64 | 5.9-0.10 | 69.00 | OK | |||
r-oldrel-macos-x86_64 | 5.9-0.10 | 121.00 | OK | |||
r-oldrel-windows-x86_64 | 5.9-0.10 | 22.00 | 93.00 | 115.00 | OK |
Version: 5.9-0.10
Check: Rd cross-references
Result: NOTE
Undeclared package ‘Matching’ in Rd xrefs
Flavor: r-devel-linux-x86_64-fedora-clang