Last updated on 2024-05-04 09:49:47 CEST.
Flavor | Version | Tinstall | Tcheck | Ttotal | Status | Flags |
---|---|---|---|---|---|---|
r-devel-linux-x86_64-debian-clang | 0.3.8 | 7.67 | 78.73 | 86.40 | NOTE | |
r-devel-linux-x86_64-debian-gcc | 0.3.8 | 7.31 | 60.94 | 68.25 | NOTE | |
r-devel-linux-x86_64-fedora-clang | 0.3.8 | 104.94 | NOTE | |||
r-devel-linux-x86_64-fedora-gcc | 0.3.8 | 111.52 | NOTE | |||
r-devel-windows-x86_64 | 0.3.8 | 10.00 | 82.00 | 92.00 | NOTE | |
r-patched-linux-x86_64 | 0.3.8 | 5.36 | 73.84 | 79.20 | NOTE | |
r-release-linux-x86_64 | 0.3.8 | 5.65 | 75.36 | 81.01 | NOTE | |
r-release-macos-arm64 | 0.3.8 | 45.00 | NOTE | |||
r-release-windows-x86_64 | 0.3.8 | 10.00 | 79.00 | 89.00 | NOTE | |
r-oldrel-macos-arm64 | 0.3.8 | 47.00 | NOTE | |||
r-oldrel-macos-x86_64 | 0.3.8 | 62.00 | NOTE | |||
r-oldrel-windows-x86_64 | 0.3.8 | 10.00 | 91.00 | 101.00 | NOTE |
Version: 0.3.8
Check: Rd files
Result: NOTE
checkRd: (-1) rhandsontable-package.Rd:8: Lost braces
8 | R interface for creating tables using Handsontable, url{https://handsontable.com/}
| ^
Flavors: r-devel-linux-x86_64-debian-clang, r-devel-linux-x86_64-debian-gcc, r-devel-linux-x86_64-fedora-clang, r-devel-linux-x86_64-fedora-gcc, r-devel-windows-x86_64, r-patched-linux-x86_64, r-release-linux-x86_64, r-release-macos-arm64, r-release-windows-x86_64
Version: 0.3.8
Check: installed package size
Result: NOTE
installed size is 11.7Mb
sub-directories of 1Mb or more:
doc 10.3Mb
htmlwidgets 1.3Mb
Flavors: r-devel-linux-x86_64-fedora-clang, r-devel-windows-x86_64, r-release-macos-arm64, r-release-windows-x86_64, r-oldrel-macos-arm64, r-oldrel-macos-x86_64, r-oldrel-windows-x86_64