Last updated on 2024-05-02 10:48:59 CEST.
Flavor | Version | Tinstall | Tcheck | Ttotal | Status | Flags |
---|---|---|---|---|---|---|
r-devel-linux-x86_64-debian-clang | 1.2 | 6.43 | 45.21 | 51.64 | OK | |
r-devel-linux-x86_64-debian-gcc | 1.2 | 5.82 | 35.20 | 41.02 | OK | |
r-devel-linux-x86_64-fedora-clang | 1.2 | 70.29 | NOTE | |||
r-devel-linux-x86_64-fedora-gcc | 1.2 | 69.18 | OK | |||
r-devel-windows-x86_64 | 1.2 | 7.00 | 51.00 | 58.00 | NOTE | |
r-patched-linux-x86_64 | 1.2 | 6.96 | 44.53 | 51.49 | OK | |
r-release-linux-x86_64 | 1.2 | 6.32 | 44.60 | 50.92 | OK | |
r-release-macos-arm64 | 1.2 | 29.00 | NOTE | |||
r-release-windows-x86_64 | 1.2 | 6.00 | 50.00 | 56.00 | NOTE | |
r-oldrel-macos-arm64 | 1.2 | 30.00 | NOTE | |||
r-oldrel-macos-x86_64 | 1.2 | 61.00 | NOTE | |||
r-oldrel-windows-x86_64 | 1.2 | 6.00 | 55.00 | 61.00 | NOTE |
Version: 1.2
Check: installed package size
Result: NOTE
installed size is 12.2Mb
sub-directories of 1Mb or more:
java 12.0Mb
Flavors: r-devel-linux-x86_64-fedora-clang, r-devel-windows-x86_64, r-release-macos-arm64, r-release-windows-x86_64, r-oldrel-macos-arm64, r-oldrel-macos-x86_64, r-oldrel-windows-x86_64