Last updated on 2024-05-04 09:49:48 CEST.
Flavor | Version | Tinstall | Tcheck | Ttotal | Status | Flags |
---|---|---|---|---|---|---|
r-devel-linux-x86_64-debian-clang | 1.1.1 | 156.76 | 112.39 | 269.15 | NOTE | |
r-devel-linux-x86_64-debian-gcc | 1.1.1 | 138.01 | 83.10 | 221.11 | NOTE | |
r-devel-linux-x86_64-fedora-clang | 1.1.1 | 384.95 | NOTE | |||
r-devel-linux-x86_64-fedora-gcc | 1.1.1 | 368.28 | NOTE | |||
r-devel-windows-x86_64 | 1.1.1 | 137.00 | 112.00 | 249.00 | NOTE | |
r-patched-linux-x86_64 | 1.1.1 | 113.60 | 104.88 | 218.48 | NOTE | |
r-release-linux-x86_64 | 1.1.1 | 125.93 | 106.39 | 232.32 | NOTE | |
r-release-macos-arm64 | 1.1.1 | 87.00 | NOTE | |||
r-release-windows-x86_64 | 1.1.1 | 122.00 | 109.00 | 231.00 | NOTE | |
r-oldrel-macos-arm64 | 1.1.1 | 95.00 | NOTE | |||
r-oldrel-macos-x86_64 | 1.1.1 | 165.00 | NOTE | |||
r-oldrel-windows-x86_64 | 1.1.1 | 157.00 | 138.00 | 295.00 | NOTE |
Version: 1.1.1
Check: C++ specification
Result: NOTE
Specified C++11: please drop specification unless essential
Flavors: r-devel-linux-x86_64-debian-clang, r-devel-linux-x86_64-debian-gcc, r-devel-linux-x86_64-fedora-clang, r-devel-linux-x86_64-fedora-gcc, r-devel-windows-x86_64, r-patched-linux-x86_64, r-release-linux-x86_64, r-release-macos-arm64, r-release-windows-x86_64, r-oldrel-macos-arm64, r-oldrel-macos-x86_64, r-oldrel-windows-x86_64
Version: 1.1.1
Check: installed package size
Result: NOTE
installed size is 6.7Mb
sub-directories of 1Mb or more:
libs 6.5Mb
Flavors: r-release-macos-arm64, r-oldrel-macos-arm64, r-oldrel-macos-x86_64