Last updated on 2024-05-04 09:49:48 CEST.
Flavor | Version | Tinstall | Tcheck | Ttotal | Status | Flags |
---|---|---|---|---|---|---|
r-devel-linux-x86_64-debian-clang | 0.6.6 | 9.75 | 74.18 | 83.93 | NOTE | |
r-devel-linux-x86_64-debian-gcc | 0.6.6 | 6.33 | 54.96 | 61.29 | NOTE | |
r-devel-linux-x86_64-fedora-clang | 0.6.6 | 105.43 | NOTE | |||
r-devel-linux-x86_64-fedora-gcc | 0.6.6 | 109.31 | NOTE | |||
r-devel-windows-x86_64 | 0.6.6 | 8.00 | 81.00 | 89.00 | NOTE | |
r-patched-linux-x86_64 | 0.6.6 | 13.91 | 69.08 | 82.99 | NOTE | |
r-release-linux-x86_64 | 0.6.6 | 5.54 | 69.06 | 74.60 | NOTE | |
r-release-macos-arm64 | 0.6.6 | 50.00 | NOTE | |||
r-release-windows-x86_64 | 0.6.6 | 8.00 | 79.00 | 87.00 | NOTE | |
r-oldrel-macos-arm64 | 0.6.6 | 40.00 | NOTE | |||
r-oldrel-macos-x86_64 | 0.6.6 | 60.00 | NOTE | |||
r-oldrel-windows-x86_64 | 0.6.6 | 10.00 | 88.00 | 98.00 | NOTE |
Version: 0.6.6
Check: LazyData
Result: NOTE
'LazyData' is specified without a 'data' directory
Flavors: r-devel-linux-x86_64-debian-clang, r-devel-linux-x86_64-debian-gcc, r-devel-linux-x86_64-fedora-clang, r-devel-linux-x86_64-fedora-gcc, r-devel-windows-x86_64, r-patched-linux-x86_64, r-release-linux-x86_64, r-release-macos-arm64, r-release-windows-x86_64, r-oldrel-macos-arm64, r-oldrel-macos-x86_64, r-oldrel-windows-x86_64