Last updated on 2024-05-04 09:49:48 CEST.
Flavor | Version | Tinstall | Tcheck | Ttotal | Status | Flags |
---|---|---|---|---|---|---|
r-devel-linux-x86_64-debian-clang | 0.4.4 | 2.58 | 25.08 | 27.66 | NOTE | |
r-devel-linux-x86_64-debian-gcc | 0.4.4 | 1.78 | 19.46 | 21.24 | NOTE | |
r-devel-linux-x86_64-fedora-clang | 0.4.4 | 34.68 | NOTE | |||
r-devel-linux-x86_64-fedora-gcc | 0.4.4 | 32.97 | NOTE | |||
r-devel-windows-x86_64 | 0.4.4 | 3.00 | 41.00 | 44.00 | NOTE | |
r-patched-linux-x86_64 | 0.4.4 | 3.95 | 23.66 | 27.61 | NOTE | |
r-release-linux-x86_64 | 0.4.4 | 2.57 | 23.58 | 26.15 | NOTE | |
r-release-macos-arm64 | 0.4.4 | 15.00 | NOTE | |||
r-release-windows-x86_64 | 0.4.4 | 4.00 | 40.00 | 44.00 | NOTE | |
r-oldrel-macos-arm64 | 0.4.4 | 16.00 | NOTE | |||
r-oldrel-macos-x86_64 | 0.4.4 | 22.00 | NOTE | |||
r-oldrel-windows-x86_64 | 0.4.4 | 5.00 | 41.00 | 46.00 | NOTE |
Version: 0.4.4
Check: LazyData
Result: NOTE
'LazyData' is specified without a 'data' directory
Flavors: r-devel-linux-x86_64-debian-clang, r-devel-linux-x86_64-debian-gcc, r-devel-linux-x86_64-fedora-clang, r-devel-linux-x86_64-fedora-gcc, r-devel-windows-x86_64, r-patched-linux-x86_64, r-release-linux-x86_64, r-release-macos-arm64, r-release-windows-x86_64, r-oldrel-macos-arm64, r-oldrel-macos-x86_64, r-oldrel-windows-x86_64