Last updated on 2024-05-02 10:49:01 CEST.
Flavor | Version | Tinstall | Tcheck | Ttotal | Status | Flags |
---|---|---|---|---|---|---|
r-devel-linux-x86_64-debian-clang | 2.0-1 | 90.15 | 135.90 | 226.05 | OK | |
r-devel-linux-x86_64-debian-gcc | 2.0-1 | 68.31 | 92.67 | 160.98 | OK | |
r-devel-linux-x86_64-fedora-clang | 2.0-1 | 319.72 | OK | |||
r-devel-linux-x86_64-fedora-gcc | 2.0-1 | 298.31 | OK | |||
r-devel-windows-x86_64 | 2.0-1 | 86.00 | 139.00 | 225.00 | OK | |
r-patched-linux-x86_64 | 2.0-1 | 87.31 | 126.05 | 213.36 | OK | |
r-release-linux-x86_64 | 2.0-1 | 82.98 | 126.27 | 209.25 | OK | |
r-release-macos-arm64 | 2.0-1 | 72.00 | NOTE | |||
r-release-macos-x86_64 | 2.0-1 | 144.00 | NOTE | |||
r-release-windows-x86_64 | 2.0-1 | 81.00 | 135.00 | 216.00 | OK | |
r-oldrel-macos-arm64 | 2.0-1 | 92.00 | NOTE | |||
r-oldrel-macos-x86_64 | 2.0-1 | 165.00 | NOTE | |||
r-oldrel-windows-x86_64 | 2.0-1 | 97.00 | 162.00 | 259.00 | OK |
Version: 2.0-1
Check: installed package size
Result: NOTE
installed size is 7.6Mb
sub-directories of 1Mb or more:
libs 6.7Mb
Flavors: r-release-macos-arm64, r-release-macos-x86_64, r-oldrel-macos-arm64, r-oldrel-macos-x86_64