Last updated on 2024-05-04 09:49:48 CEST.
Flavor | Version | Tinstall | Tcheck | Ttotal | Status | Flags |
---|---|---|---|---|---|---|
r-devel-linux-x86_64-debian-clang | 0.4.1 | 7.11 | 80.01 | 87.12 | NOTE | |
r-devel-linux-x86_64-debian-gcc | 0.4.1 | 4.96 | 59.23 | 64.19 | NOTE | |
r-devel-linux-x86_64-fedora-clang | 0.4.1 | 108.02 | NOTE | |||
r-devel-linux-x86_64-fedora-gcc | 0.4.1 | 114.56 | NOTE | |||
r-devel-windows-x86_64 | 0.4.1 | 5.00 | 77.00 | 82.00 | NOTE | |
r-patched-linux-x86_64 | 0.4.1 | 5.37 | 76.21 | 81.58 | NOTE | |
r-release-linux-x86_64 | 0.4.1 | 5.66 | 74.03 | 79.69 | NOTE | |
r-release-macos-arm64 | 0.4.1 | 33.00 | NOTE | |||
r-release-windows-x86_64 | 0.4.1 | 7.00 | 76.00 | 83.00 | NOTE | |
r-oldrel-macos-arm64 | 0.4.1 | 33.00 | OK | |||
r-oldrel-macos-x86_64 | 0.4.1 | 52.00 | OK | |||
r-oldrel-windows-x86_64 | 0.4.1 | 7.00 | 84.00 | 91.00 | OK |
Version: 0.4.1
Check: Rd files
Result: NOTE
checkRd: (-1) HardThresh.Rd:15: Lost braces; missing escapes or markup?
15 | \code{x} filtered result (y 1_{|y|>t}).
| ^
checkRd: (-1) SoftThresh.Rd:15: Lost braces; missing escapes or markup?
15 | \code{x} filtered result (y 1_{|y|>t}).
| ^
Flavors: r-devel-linux-x86_64-debian-clang, r-devel-linux-x86_64-debian-gcc, r-devel-linux-x86_64-fedora-clang, r-devel-linux-x86_64-fedora-gcc, r-devel-windows-x86_64, r-patched-linux-x86_64, r-release-linux-x86_64, r-release-macos-arm64, r-release-windows-x86_64