Last updated on 2024-05-04 09:49:49 CEST.
Flavor | Version | Tinstall | Tcheck | Ttotal | Status | Flags |
---|---|---|---|---|---|---|
r-devel-linux-x86_64-debian-clang | 2.6.0 | 31.53 | 203.33 | 234.86 | NOTE | |
r-devel-linux-x86_64-debian-gcc | 2.6.0 | 26.74 | 149.55 | 176.29 | NOTE | |
r-devel-linux-x86_64-fedora-clang | 2.6.0 | 298.17 | NOTE | |||
r-devel-linux-x86_64-fedora-gcc | 2.6.0 | 274.99 | NOTE | |||
r-devel-windows-x86_64 | 2.6.0 | 17.00 | 149.00 | 166.00 | NOTE | |
r-patched-linux-x86_64 | 2.6.0 | 29.94 | 190.69 | 220.63 | NOTE | |
r-release-linux-x86_64 | 2.6.0 | 23.19 | 179.53 | 202.72 | ERROR | |
r-release-macos-arm64 | 2.6.0 | 79.00 | NOTE | |||
r-release-windows-x86_64 | 2.6.0 | 18.00 | 151.00 | 169.00 | NOTE | |
r-oldrel-macos-arm64 | 2.6.0 | 68.00 | NOTE | |||
r-oldrel-macos-x86_64 | 2.6.0 | 106.00 | NOTE | |||
r-oldrel-windows-x86_64 | 2.6.0 | 24.00 | 180.00 | 204.00 | NOTE |
Version: 2.6.0
Check: package dependencies
Result: NOTE
Package suggested but not available for checking: ‘cmdstanr’
Flavors: r-devel-linux-x86_64-debian-clang, r-devel-linux-x86_64-debian-gcc, r-devel-linux-x86_64-fedora-clang, r-devel-linux-x86_64-fedora-gcc, r-devel-windows-x86_64, r-patched-linux-x86_64, r-release-macos-arm64, r-release-windows-x86_64, r-oldrel-macos-arm64, r-oldrel-macos-x86_64, r-oldrel-windows-x86_64
Version: 2.6.0
Check: package dependencies
Result: NOTE
Packages suggested but not available for checking: 'cmdstanr', 'rstanarm'
Flavor: r-release-linux-x86_64
Version: 2.6.0
Check: tests
Result: ERROR
Running ‘testthat.R’ [14s/19s]
Running the tests in ‘tests/testthat.R’ failed.
Complete output:
> library(testthat)
> library(shinystan)
Loading required package: shiny
This is shinystan version 2.6.0
>
> test_check("shinystan")
[ FAIL 1 | WARN 0 | SKIP 6 | PASS 125 ]
══ Skipped tests (6) ═══════════════════════════════════════════════════════════
• On CRAN (1): 'test_creating_sso.R:197:3'
• rstanarm cannot be loaded (5): 'test_creating_sso.R:45:3',
'test_creating_sso.R:60:3', 'test_creating_sso.R:135:3',
'test_creating_sso.R:150:3', 'test_creating_sso.R:161:3'
══ Failed tests ════════════════════════════════════════════════════════════════
── Error ('test_misc.R:2:1'): (code run outside of `test_that()`) ──────────────
<packageNotFoundError/error/condition>
Error in `library(rstanarm)`: there is no package called 'rstanarm'
Backtrace:
▆
1. └─base::library(rstanarm) at test_misc.R:2:1
[ FAIL 1 | WARN 0 | SKIP 6 | PASS 125 ]
Error: Test failures
Execution halted
Flavor: r-release-linux-x86_64