Last updated on 2024-05-04 09:49:50 CEST.
Flavor | Version | Tinstall | Tcheck | Ttotal | Status | Flags |
---|---|---|---|---|---|---|
r-devel-linux-x86_64-debian-clang | 0.1.23 | 0.94 | 2.41 | 3.35 | ERROR | |
r-devel-linux-x86_64-debian-gcc | 0.1.23 | 5.72 | 47.04 | 52.76 | OK | |
r-devel-linux-x86_64-fedora-clang | 0.1.23 | 97.87 | NOTE | |||
r-devel-linux-x86_64-fedora-gcc | 0.1.23 | 100.19 | NOTE | |||
r-devel-windows-x86_64 | 0.1.23 | 8.00 | 64.00 | 72.00 | OK | |
r-patched-linux-x86_64 | 0.1.23 | 6.48 | 62.27 | 68.75 | OK | |
r-release-linux-x86_64 | 0.1.23 | 5.46 | 59.50 | 64.96 | OK | |
r-release-macos-arm64 | 0.1.23 | 34.00 | OK | |||
r-release-macos-x86_64 | 0.1.23 | 64.00 | NOTE | |||
r-release-windows-x86_64 | 0.1.23 | 8.00 | 64.00 | 72.00 | OK | |
r-oldrel-macos-arm64 | 0.1.23 | 10.00 | ERROR | |||
r-oldrel-macos-x86_64 | 0.1.23 | 6.00 | ERROR | |||
r-oldrel-windows-x86_64 | 0.1.23 | 10.00 | 70.00 | 80.00 | OK |
Version: 0.1.23
Check: package dependencies
Result: ERROR
Package required but not available: ‘GSVA’
See section ‘The DESCRIPTION file’ in the ‘Writing R Extensions’
manual.
Flavors: r-devel-linux-x86_64-debian-clang, r-oldrel-macos-arm64, r-oldrel-macos-x86_64
Version: 0.1.23
Check: dependencies in R code
Result: NOTE
Namespaces in Imports field not imported from:
‘KernSmooth’ ‘MASS’ ‘class’ ‘cluster’ ‘lattice’ ‘nnet’
All declared Imports should be used.
Flavors: r-devel-linux-x86_64-fedora-clang, r-devel-linux-x86_64-fedora-gcc
Version: 0.1.23
Check: package dependencies
Result: NOTE
Package suggested but not available for checking: ‘RankProd’
Flavor: r-release-macos-x86_64