Last updated on 2024-05-04 09:49:50 CEST.
Flavor | Version | Tinstall | Tcheck | Ttotal | Status | Flags |
---|---|---|---|---|---|---|
r-devel-linux-x86_64-debian-clang | 1.3.13 | 15.97 | 206.36 | 222.33 | NOTE | |
r-devel-linux-x86_64-debian-gcc | 1.3.13 | 11.76 | 161.55 | 173.31 | NOTE | |
r-devel-linux-x86_64-fedora-clang | 1.3.13 | 290.41 | NOTE | |||
r-devel-linux-x86_64-fedora-gcc | 1.3.13 | 290.35 | NOTE | |||
r-devel-windows-x86_64 | 1.3.13 | 14.00 | 187.00 | 201.00 | NOTE | |
r-patched-linux-x86_64 | 1.3.13 | 18.75 | 202.18 | 220.93 | NOTE | |
r-release-linux-x86_64 | 1.3.13 | 11.47 | 210.47 | 221.94 | NOTE | |
r-release-macos-arm64 | 1.3.13 | 93.00 | NOTE | |||
r-release-windows-x86_64 | 1.3.13 | 14.00 | 184.00 | 198.00 | NOTE | |
r-oldrel-macos-arm64 | 1.3.13 | 101.00 | OK | |||
r-oldrel-macos-x86_64 | 1.3.13 | 155.00 | OK | |||
r-oldrel-windows-x86_64 | 1.3.13 | 18.00 | 233.00 | 251.00 | OK |
Version: 1.3.13
Check: Rd files
Result: NOTE
checkRd: (-1) coxsimSpline.Rd:93: Lost braces; missing escapes or markup?
93 | {FD(h[i](t)) = (exp(g(x[j]) - g(x[l])) - 1) * 100}
| ^
checkRd: (-1) simPH.Rd:16-19: Lost braces in \itemize; meant \describe ?
checkRd: (-1) simPH.Rd:20-24: Lost braces in \itemize; meant \describe ?
checkRd: (-1) simPH.Rd:25-30: Lost braces in \itemize; meant \describe ?
checkRd: (-1) simPH.Rd:31-33: Lost braces in \itemize; meant \describe ?
checkRd: (-1) simPH.Rd:34-36: Lost braces in \itemize; meant \describe ?
checkRd: (-1) simPH.Rd:44-46: Lost braces in \itemize; meant \describe ?
checkRd: (-1) simPH.Rd:47-49: Lost braces in \itemize; meant \describe ?
checkRd: (-1) simPH.Rd:50-53: Lost braces in \itemize; meant \describe ?
Flavors: r-devel-linux-x86_64-debian-clang, r-devel-linux-x86_64-debian-gcc, r-devel-linux-x86_64-fedora-clang, r-devel-linux-x86_64-fedora-gcc, r-devel-windows-x86_64, r-patched-linux-x86_64, r-release-linux-x86_64, r-release-macos-arm64, r-release-windows-x86_64