Last updated on 2024-05-02 10:49:03 CEST.
Flavor | Version | Tinstall | Tcheck | Ttotal | Status | Flags |
---|---|---|---|---|---|---|
r-devel-linux-x86_64-debian-clang | 0.7.2 | 100.17 | 60.46 | 160.63 | NOTE | |
r-devel-linux-x86_64-debian-gcc | 0.7.2 | 72.03 | 45.12 | 117.15 | NOTE | |
r-devel-linux-x86_64-fedora-clang | 0.7.2 | 222.71 | NOTE | |||
r-devel-linux-x86_64-fedora-gcc | 0.7.2 | 240.36 | NOTE | |||
r-devel-windows-x86_64 | 0.7.2 | 80.00 | 95.00 | 175.00 | NOTE | |
r-patched-linux-x86_64 | 0.7.2 | 67.93 | 59.37 | 127.30 | NOTE | |
r-release-linux-x86_64 | 0.7.2 | 71.01 | 56.36 | 127.37 | NOTE | |
r-release-macos-arm64 | 0.7.2 | 57.00 | NOTE | |||
r-release-windows-x86_64 | 0.7.2 | 80.00 | 96.00 | 176.00 | NOTE | |
r-oldrel-macos-arm64 | 0.7.2 | 60.00 | NOTE | |||
r-oldrel-macos-x86_64 | 0.7.2 | 95.00 | NOTE | |||
r-oldrel-windows-x86_64 | 0.7.2 | 99.00 | 106.00 | 205.00 | NOTE |
Version: 0.7.2
Check: for GNU extensions in Makefiles
Result: NOTE
GNU make is a SystemRequirements.
Flavors: r-devel-linux-x86_64-debian-clang, r-devel-linux-x86_64-debian-gcc, r-devel-linux-x86_64-fedora-clang, r-devel-linux-x86_64-fedora-gcc, r-devel-windows-x86_64, r-patched-linux-x86_64, r-release-linux-x86_64, r-release-macos-arm64, r-release-windows-x86_64, r-oldrel-macos-arm64, r-oldrel-macos-x86_64, r-oldrel-windows-x86_64
Version: 0.7.2
Check: installed package size
Result: NOTE
installed size is 5.8Mb
sub-directories of 1Mb or more:
libs 5.0Mb
Flavors: r-release-macos-arm64, r-oldrel-macos-arm64, r-oldrel-macos-x86_64