Last updated on 2024-05-04 09:49:50 CEST.
Flavor | Version | Tinstall | Tcheck | Ttotal | Status | Flags |
---|---|---|---|---|---|---|
r-devel-linux-x86_64-debian-clang | 0.0.9.2 | 9.75 | 66.42 | 76.17 | OK | |
r-devel-linux-x86_64-debian-gcc | 0.0.9.2 | 6.67 | 49.53 | 56.20 | OK | |
r-devel-linux-x86_64-fedora-clang | 0.0.9.2 | 97.22 | NOTE | |||
r-devel-linux-x86_64-fedora-gcc | 0.0.9.2 | 101.91 | NOTE | |||
r-devel-windows-x86_64 | 0.0.9.2 | 8.00 | 67.00 | 75.00 | OK | |
r-patched-linux-x86_64 | 0.0.9.2 | 6.11 | 63.07 | 69.18 | OK | |
r-release-linux-x86_64 | 0.0.9.2 | 5.06 | 62.27 | 67.33 | OK | |
r-release-macos-arm64 | 0.0.9.2 | 34.00 | OK | |||
r-release-windows-x86_64 | 0.0.9.2 | 8.00 | 66.00 | 74.00 | OK | |
r-oldrel-macos-arm64 | 0.0.9.2 | 35.00 | OK | |||
r-oldrel-macos-x86_64 | 0.0.9.2 | 51.00 | OK | |||
r-oldrel-windows-x86_64 | 0.0.9.2 | 11.00 | 73.00 | 84.00 | OK |
Version: 0.0.9.2
Check: dependencies in R code
Result: NOTE
Namespaces in Imports field not imported from:
‘RSQLite’ ‘dbplyr’
All declared Imports should be used.
Flavors: r-devel-linux-x86_64-fedora-clang, r-devel-linux-x86_64-fedora-gcc