Last updated on 2024-04-30 09:54:10 CEST.
Flavor | Version | Tinstall | Tcheck | Ttotal | Status | Flags |
---|---|---|---|---|---|---|
r-devel-linux-x86_64-debian-clang | 2.3-10 | 19.02 | 146.03 | 165.05 | OK | |
r-devel-linux-x86_64-debian-gcc | 2.3-10 | 15.77 | 106.76 | 122.53 | OK | |
r-devel-linux-x86_64-fedora-clang | 2.3-10 | 205.13 | NOTE | |||
r-devel-linux-x86_64-fedora-gcc | 2.3-10 | 197.17 | OK | |||
r-devel-windows-x86_64 | 2.3-10 | 16.00 | 115.00 | 131.00 | OK | |
r-patched-linux-x86_64 | 2.3-10 | 25.37 | 138.41 | 163.78 | OK | |
r-release-linux-x86_64 | 2.3-10 | 12.30 | 141.79 | 154.09 | OK | |
r-release-macos-arm64 | 2.3-10 | 66.00 | OK | |||
r-release-windows-x86_64 | 2.3-10 | 13.00 | 115.00 | 128.00 | OK | |
r-oldrel-macos-arm64 | 2.3-10 | 59.00 | OK | |||
r-oldrel-macos-x86_64 | 2.3-10 | 108.00 | NOTE | |||
r-oldrel-windows-x86_64 | 2.3-10 | 17.00 | 142.00 | 159.00 | OK |
Version: 2.3-10
Check: Rd cross-references
Result: NOTE
Undeclared packages ‘splancs’, ‘spatstat.data’ in Rd xrefs
Flavor: r-devel-linux-x86_64-fedora-clang
Version: 2.3-10
Check: package dependencies
Result: NOTE
Package suggested but not available for checking: ‘fftwtools’
Flavor: r-oldrel-macos-x86_64