Last updated on 2024-05-04 09:49:50 CEST.
Flavor | Version | Tinstall | Tcheck | Ttotal | Status | Flags |
---|---|---|---|---|---|---|
r-devel-linux-x86_64-debian-clang | 0.3.3.7 | 40.63 | 94.77 | 135.40 | NOTE | |
r-devel-linux-x86_64-debian-gcc | 0.3.3.7 | 32.53 | 73.74 | 106.27 | NOTE | |
r-devel-linux-x86_64-fedora-clang | 0.3.3.7 | 188.36 | NOTE | |||
r-devel-linux-x86_64-fedora-gcc | 0.3.3.7 | 186.44 | NOTE | |||
r-devel-windows-x86_64 | 0.3.3.7 | 33.00 | 135.00 | 168.00 | NOTE | |
r-patched-linux-x86_64 | 0.3.3.7 | 41.66 | 91.66 | 133.32 | NOTE | |
r-release-linux-x86_64 | 0.3.3.7 | 42.30 | 92.33 | 134.63 | NOTE | |
r-release-macos-arm64 | 0.3.3.7 | 57.00 | NOTE | |||
r-release-windows-x86_64 | 0.3.3.7 | 32.00 | 128.00 | 160.00 | NOTE | |
r-oldrel-macos-arm64 | 0.3.3.7 | 66.00 | NOTE | |||
r-oldrel-macos-x86_64 | 0.3.3.7 | 97.00 | NOTE | |||
r-oldrel-windows-x86_64 | 0.3.3.7 | 41.00 | 144.00 | 185.00 | NOTE |
Version: 0.3.3.7
Check: C++ specification
Result: NOTE
Specified C++11: please drop specification unless essential
Flavors: r-devel-linux-x86_64-debian-clang, r-devel-linux-x86_64-debian-gcc, r-devel-linux-x86_64-fedora-clang, r-devel-linux-x86_64-fedora-gcc, r-devel-windows-x86_64, r-patched-linux-x86_64, r-release-linux-x86_64, r-release-macos-arm64, r-release-windows-x86_64, r-oldrel-macos-arm64, r-oldrel-macos-x86_64, r-oldrel-windows-x86_64
Version: 0.3.3.7
Check: Rd files
Result: NOTE
checkRd: (-1) Coord.to.Pointers.Rd:54: Lost braces; missing escapes or markup?
54 | \item{triangle=TRUE}{Input \code{rows} and {cols} represent lower
| ^
checkRd: (-1) Coord.to.Pointers.Rd:59: Lost braces; missing escapes or markup?
59 | \item{triangle=FALSE}{Input \code{rows} and {cols} represent a full
| ^
Flavors: r-devel-linux-x86_64-debian-clang, r-devel-linux-x86_64-debian-gcc, r-devel-linux-x86_64-fedora-clang, r-devel-linux-x86_64-fedora-gcc, r-devel-windows-x86_64, r-patched-linux-x86_64, r-release-linux-x86_64, r-release-macos-arm64, r-release-windows-x86_64