Last updated on 2024-05-04 09:49:50 CEST.
Flavor | Version | Tinstall | Tcheck | Ttotal | Status | Flags |
---|---|---|---|---|---|---|
r-devel-linux-x86_64-debian-clang | 1.0.3 | 83.33 | 248.14 | 331.47 | OK | |
r-devel-linux-x86_64-debian-gcc | 1.0.3 | 60.58 | 181.92 | 242.50 | OK | |
r-devel-linux-x86_64-fedora-clang | 1.0.3 | 465.04 | OK | |||
r-devel-linux-x86_64-fedora-gcc | 1.0.3 | 417.69 | OK | |||
r-devel-windows-x86_64 | 1.0.3 | 64.00 | 193.00 | 257.00 | OK | |
r-patched-linux-x86_64 | 1.0.3 | 75.78 | 236.71 | 312.49 | OK | |
r-release-linux-x86_64 | 1.0.3 | 51.65 | 235.26 | 286.91 | OK | |
r-release-macos-arm64 | 1.0.3 | 103.00 | OK | |||
r-release-macos-x86_64 | 1.0.3 | 180.00 | OK | |||
r-release-windows-x86_64 | 1.0.3 | 65.00 | 191.00 | 256.00 | OK | |
r-oldrel-macos-arm64 | 1.0.3 | 10.00 | ERROR | |||
r-oldrel-macos-x86_64 | 1.0.3 | 6.00 | ERROR | |||
r-oldrel-windows-x86_64 | 1.0.3 | 80.00 | 259.00 | 339.00 | OK |
Version: 1.0.3
Check: package dependencies
Result: ERROR
Package required but not available: ‘phyloseq’
See section ‘The DESCRIPTION file’ in the ‘Writing R Extensions’
manual.
Flavors: r-oldrel-macos-arm64, r-oldrel-macos-x86_64