Last updated on 2024-05-04 09:49:50 CEST.
Flavor | Version | Tinstall | Tcheck | Ttotal | Status | Flags |
---|---|---|---|---|---|---|
r-devel-linux-x86_64-debian-clang | 2.2.2 | 18.95 | 211.91 | 230.86 | OK | |
r-devel-linux-x86_64-debian-gcc | 2.2.2 | 11.40 | 151.02 | 162.42 | OK | |
r-devel-linux-x86_64-fedora-clang | 2.2.2 | 273.44 | OK | |||
r-devel-linux-x86_64-fedora-gcc | 2.2.2 | 375.90 | OK | |||
r-devel-windows-x86_64 | 2.2.2 | 16.00 | 172.00 | 188.00 | OK | |
r-patched-linux-x86_64 | 2.2.2 | 17.55 | 198.13 | 215.68 | OK | |
r-release-linux-x86_64 | 2.2.2 | 15.75 | 198.48 | 214.23 | OK | |
r-release-macos-arm64 | 2.2.2 | 106.00 | OK | |||
r-release-macos-x86_64 | 2.2.2 | 161.00 | OK | |||
r-release-windows-x86_64 | 2.2.2 | 15.00 | 157.00 | 172.00 | ERROR | |
r-oldrel-macos-arm64 | 2.2.2 | 82.00 | OK | |||
r-oldrel-macos-x86_64 | 2.2.2 | 151.00 | OK | |||
r-oldrel-windows-x86_64 | 2.2.2 | 19.00 | 218.00 | 237.00 | OK |
Version: 2.2.2
Check: re-building of vignette outputs
Result: ERROR
Error(s) in re-building vignettes:
--- re-building 'animating-tracking-data.Rmd' using rmarkdown
Quitting from lines at lines 36-46 [bdb-example-read-data] (animating-tracking-data.Rmd)
Error: processing vignette 'animating-tracking-data.Rmd' failed with diagnostics:
cannot open URL 'https://raw.githubusercontent.com/sportsdataverse/sportyR/main/data-raw/example-pbp-data.csv'
--- failed re-building 'animating-tracking-data.Rmd'
--- re-building 'customize-plot.Rmd' using rmarkdown
--- finished re-building 'customize-plot.Rmd'
--- re-building 'plotting-tracking-data.Rmd' using rmarkdown
Quitting from lines at lines 44-54 [download-data] (plotting-tracking-data.Rmd)
Error: processing vignette 'plotting-tracking-data.Rmd' failed with diagnostics:
cannot open URL 'https://raw.githubusercontent.com/bigdatacup/Big-Data-Cup-2021/main/hackathon_nwhl.csv'
--- failed re-building 'plotting-tracking-data.Rmd'
--- re-building 'sportyR.Rmd' using rmarkdown
--- finished re-building 'sportyR.Rmd'
SUMMARY: processing the following files failed:
'animating-tracking-data.Rmd' 'plotting-tracking-data.Rmd'
Error: Vignette re-building failed.
Execution halted
Flavor: r-release-windows-x86_64