Last updated on 2024-05-04 09:49:50 CEST.
Flavor | Version | Tinstall | Tcheck | Ttotal | Status | Flags |
---|---|---|---|---|---|---|
r-devel-linux-x86_64-debian-clang | 0.9.0 | 35.99 | 83.09 | 119.08 | NOTE | |
r-devel-linux-x86_64-debian-gcc | 0.9.0 | 29.13 | 62.91 | 92.04 | NOTE | |
r-devel-linux-x86_64-fedora-clang | 0.9.0 | 160.36 | NOTE | |||
r-devel-linux-x86_64-fedora-gcc | 0.9.0 | 166.15 | NOTE | |||
r-devel-windows-x86_64 | 0.9.0 | 29.00 | 95.00 | 124.00 | NOTE | |
r-patched-linux-x86_64 | 0.9.0 | 33.62 | 81.26 | 114.88 | NOTE | |
r-release-linux-x86_64 | 0.9.0 | 31.47 | 80.15 | 111.62 | NOTE | |
r-release-macos-arm64 | 0.9.0 | 49.00 | NOTE | |||
r-release-windows-x86_64 | 0.9.0 | 29.00 | 95.00 | 124.00 | NOTE | |
r-oldrel-macos-arm64 | 0.9.0 | 53.00 | NOTE | |||
r-oldrel-macos-x86_64 | 0.9.0 | 87.00 | NOTE | |||
r-oldrel-windows-x86_64 | 0.9.0 | 37.00 | 115.00 | 152.00 | NOTE |
Version: 0.9.0
Check: C++ specification
Result: NOTE
Specified C++11: please drop specification unless essential
Flavors: r-devel-linux-x86_64-debian-clang, r-devel-linux-x86_64-debian-gcc, r-devel-linux-x86_64-fedora-clang, r-devel-linux-x86_64-fedora-gcc, r-devel-windows-x86_64, r-patched-linux-x86_64, r-release-linux-x86_64, r-release-macos-arm64, r-release-windows-x86_64, r-oldrel-macos-arm64, r-oldrel-macos-x86_64, r-oldrel-windows-x86_64