Last updated on 2024-05-04 09:49:51 CEST.
Flavor | Version | Tinstall | Tcheck | Ttotal | Status | Flags |
---|---|---|---|---|---|---|
r-devel-linux-x86_64-debian-clang | 1.2.5 | 12.39 | 69.21 | 81.60 | NOTE | |
r-devel-linux-x86_64-debian-gcc | 1.2.5 | 7.53 | 51.28 | 58.81 | NOTE | |
r-devel-linux-x86_64-fedora-clang | 1.2.5 | 101.88 | NOTE | |||
r-devel-linux-x86_64-fedora-gcc | 1.2.5 | 109.93 | NOTE | |||
r-devel-windows-x86_64 | 1.2.5 | 9.00 | 79.00 | 88.00 | NOTE | |
r-patched-linux-x86_64 | 1.2.5 | 9.63 | 66.78 | 76.41 | NOTE | |
r-release-linux-x86_64 | 1.2.5 | 10.00 | 66.81 | 76.81 | NOTE | |
r-release-macos-arm64 | 1.2.5 | 37.00 | NOTE | |||
r-release-windows-x86_64 | 1.2.5 | 11.00 | 76.00 | 87.00 | ERROR | |
r-oldrel-macos-arm64 | 1.2.5 | 37.00 | NOTE | |||
r-oldrel-macos-x86_64 | 1.2.5 | 61.00 | NOTE | |||
r-oldrel-windows-x86_64 | 1.2.5 | 11.00 | 93.00 | 104.00 | NOTE |
Version: 1.2.5
Check: LazyData
Result: NOTE
'LazyData' is specified without a 'data' directory
Flavors: r-devel-linux-x86_64-debian-clang, r-devel-linux-x86_64-debian-gcc, r-devel-linux-x86_64-fedora-clang, r-devel-linux-x86_64-fedora-gcc, r-devel-windows-x86_64, r-patched-linux-x86_64, r-release-linux-x86_64, r-release-macos-arm64, r-release-windows-x86_64, r-oldrel-macos-arm64, r-oldrel-macos-x86_64, r-oldrel-windows-x86_64
Version: 1.2.5
Check: re-building of vignette outputs
Result: ERROR
Error(s) in re-building vignettes:
--- re-building 'external.Rmd' using rmarkdown
trying URL 'https://raw.githubusercontent.com/richfitz/storr/master/DESCRIPTION'
Quitting from lines at lines 93-94 [unnamed-chunk-4] (external.Rmd)
Error: processing vignette 'external.Rmd' failed with diagnostics:
key 'richfitz/storr' ('objects') not found, with error: cannot open URL 'https://raw.githubusercontent.com/richfitz/storr/master/DESCRIPTION'
--- failed re-building 'external.Rmd'
--- re-building 'storr.Rmd' using rmarkdown
--- finished re-building 'storr.Rmd'
SUMMARY: processing the following file failed:
'external.Rmd'
Error: Vignette re-building failed.
Execution halted
Flavor: r-release-windows-x86_64