Last updated on 2024-05-02 10:49:05 CEST.
Flavor | Version | Tinstall | Tcheck | Ttotal | Status | Flags |
---|---|---|---|---|---|---|
r-devel-linux-x86_64-debian-clang | 2.3.2 | 9.71 | 93.73 | 103.44 | OK | |
r-devel-linux-x86_64-debian-gcc | 2.3.2 | 9.77 | 68.55 | 78.32 | OK | |
r-devel-linux-x86_64-fedora-clang | 2.3.2 | 133.33 | NOTE | |||
r-devel-linux-x86_64-fedora-gcc | 2.3.2 | 123.39 | NOTE | |||
r-devel-windows-x86_64 | 2.3.2 | 12.00 | 88.00 | 100.00 | OK | |
r-patched-linux-x86_64 | 2.3.2 | 11.14 | 86.19 | 97.33 | OK | |
r-release-linux-x86_64 | 2.3.2 | 6.80 | 86.55 | 93.35 | OK | |
r-release-macos-arm64 | 2.3.2 | 36.00 | OK | |||
r-release-macos-x86_64 | 2.3.2 | 70.00 | OK | |||
r-release-windows-x86_64 | 2.3.2 | 11.00 | 86.00 | 97.00 | OK | |
r-oldrel-macos-arm64 | 2.3.2 | 39.00 | OK | |||
r-oldrel-macos-x86_64 | 2.3.2 | 82.00 | OK | |||
r-oldrel-windows-x86_64 | 2.3.2 | 14.00 | 102.00 | 116.00 | OK |
Version: 2.3.2
Check: data for non-ASCII characters
Result: NOTE
Note: found 177 marked UTF-8 strings
Flavors: r-devel-linux-x86_64-fedora-clang, r-devel-linux-x86_64-fedora-gcc