Last updated on 2024-05-04 09:49:52 CEST.
Flavor | Version | Tinstall | Tcheck | Ttotal | Status | Flags |
---|---|---|---|---|---|---|
r-devel-linux-x86_64-debian-clang | 0.6.0 | 4.19 | 26.88 | 31.07 | NOTE | |
r-devel-linux-x86_64-debian-gcc | 0.6.0 | 2.80 | 20.32 | 23.12 | NOTE | |
r-devel-linux-x86_64-fedora-clang | 0.6.0 | 37.75 | NOTE | |||
r-devel-linux-x86_64-fedora-gcc | 0.6.0 | 36.81 | NOTE | |||
r-devel-windows-x86_64 | 0.6.0 | 5.00 | 44.00 | 49.00 | NOTE | |
r-patched-linux-x86_64 | 0.6.0 | 7.11 | 24.31 | 31.42 | NOTE | |
r-release-linux-x86_64 | 0.6.0 | 3.39 | 25.72 | 29.11 | NOTE | |
r-release-macos-arm64 | 0.6.0 | 16.00 | NOTE | |||
r-release-windows-x86_64 | 0.6.0 | 5.00 | 44.00 | 49.00 | NOTE | |
r-oldrel-macos-arm64 | 0.6.0 | 16.00 | NOTE | |||
r-oldrel-macos-x86_64 | 0.6.0 | 20.00 | NOTE | |||
r-oldrel-windows-x86_64 | 0.6.0 | 6.00 | 44.00 | 50.00 | NOTE |
Version: 0.6.0
Check: LazyData
Result: NOTE
'LazyData' is specified without a 'data' directory
Flavors: r-devel-linux-x86_64-debian-clang, r-devel-linux-x86_64-debian-gcc, r-devel-linux-x86_64-fedora-clang, r-devel-linux-x86_64-fedora-gcc, r-devel-windows-x86_64, r-patched-linux-x86_64, r-release-linux-x86_64, r-release-macos-arm64, r-release-windows-x86_64, r-oldrel-macos-arm64, r-oldrel-macos-x86_64, r-oldrel-windows-x86_64