Last updated on 2024-05-04 09:49:52 CEST.
Flavor | Version | Tinstall | Tcheck | Ttotal | Status | Flags |
---|---|---|---|---|---|---|
r-devel-linux-x86_64-debian-clang | 0.2.4 | 7.32 | 119.11 | 126.43 | OK | |
r-devel-linux-x86_64-debian-gcc | 0.2.4 | 5.90 | 88.54 | 94.44 | OK | |
r-devel-linux-x86_64-fedora-clang | 0.2.4 | 161.32 | OK | |||
r-devel-linux-x86_64-fedora-gcc | 0.2.4 | 168.56 | OK | |||
r-devel-windows-x86_64 | 0.2.4 | 8.00 | 114.00 | 122.00 | OK | |
r-patched-linux-x86_64 | 0.2.4 | 6.76 | 116.32 | 123.08 | OK | |
r-release-linux-x86_64 | 0.2.4 | 6.59 | 114.27 | 120.86 | OK | |
r-release-macos-arm64 | 0.2.4 | 54.00 | ERROR | |||
r-release-windows-x86_64 | 0.2.4 | 9.00 | 82.00 | 91.00 | OK | |
r-oldrel-macos-arm64 | 0.2.4 | 64.00 | OK | |||
r-oldrel-macos-x86_64 | 0.2.4 | 97.00 | OK | |||
r-oldrel-windows-x86_64 | 0.2.4 | 9.00 | 136.00 | 145.00 | OK |
Version: 0.2.4
Check: tests
Result: ERROR
Running ‘testthat.R’ [22s/27s]
Running the tests in ‘tests/testthat.R’ failed.
Last 13 lines of output:
20. │ └─purrr:::map_("list", .x, .f, ..., .progress = .progress)
21. │ ├─purrr:::with_indexed_errors(...)
22. │ │ └─base::withCallingHandlers(...)
23. │ ├─purrr:::call_with_cleanup(...)
24. │ └─arrow (local) .f(.x[[i]], ...)
25. │ └─.$type(old_schm)
26. │ └─arrow:::compute___expr__type(self, schema)
27. └─base::.handleSimpleError(...)
28. └─purrr (local) h(simpleError(msg, call))
29. └─cli::cli_abort(...)
30. └─rlang::abort(...)
[ FAIL 2 | WARN 0 | SKIP 12 | PASS 225 ]
Error: Test failures
Execution halted
Flavor: r-release-macos-arm64