Last updated on 2024-05-04 09:49:52 CEST.
Flavor | Version | Tinstall | Tcheck | Ttotal | Status | Flags |
---|---|---|---|---|---|---|
r-devel-linux-x86_64-debian-clang | 0.2.2 | 4.22 | 35.49 | 39.71 | NOTE | |
r-devel-linux-x86_64-debian-gcc | 0.2.2 | 2.54 | 27.08 | 29.62 | NOTE | |
r-devel-linux-x86_64-fedora-clang | 0.2.2 | 49.80 | NOTE | |||
r-devel-linux-x86_64-fedora-gcc | 0.2.2 | 48.08 | NOTE | |||
r-devel-windows-x86_64 | 0.2.2 | 6.00 | 57.00 | 63.00 | NOTE | |
r-patched-linux-x86_64 | 0.2.2 | 5.48 | 34.86 | 40.34 | NOTE | |
r-release-linux-x86_64 | 0.2.2 | 3.66 | 33.64 | 37.30 | NOTE | |
r-release-macos-arm64 | 0.2.2 | 18.00 | NOTE | |||
r-release-windows-x86_64 | 0.2.2 | 6.00 | 56.00 | 62.00 | NOTE | |
r-oldrel-macos-arm64 | 0.2.2 | 22.00 | NOTE | |||
r-oldrel-macos-x86_64 | 0.2.2 | 26.00 | NOTE | |||
r-oldrel-windows-x86_64 | 0.2.2 | 6.00 | 58.00 | 64.00 | NOTE |
Version: 0.2.2
Check: LazyData
Result: NOTE
'LazyData' is specified without a 'data' directory
Flavors: r-devel-linux-x86_64-debian-clang, r-devel-linux-x86_64-debian-gcc, r-devel-linux-x86_64-fedora-clang, r-devel-linux-x86_64-fedora-gcc, r-devel-windows-x86_64, r-patched-linux-x86_64, r-release-linux-x86_64, r-release-macos-arm64, r-release-windows-x86_64, r-oldrel-macos-arm64, r-oldrel-macos-x86_64, r-oldrel-windows-x86_64