Last updated on 2024-05-04 09:49:52 CEST.
Flavor | Version | Tinstall | Tcheck | Ttotal | Status | Flags |
---|---|---|---|---|---|---|
r-devel-linux-x86_64-debian-clang | 1.0.1 | 61.64 | 120.83 | 182.47 | OK | |
r-devel-linux-x86_64-debian-gcc | 1.0.1 | 49.75 | 93.26 | 143.01 | OK | |
r-devel-linux-x86_64-fedora-clang | 1.0.1 | 239.02 | OK | |||
r-devel-linux-x86_64-fedora-gcc | 1.0.1 | 255.32 | OK | |||
r-devel-windows-x86_64 | 1.0.1 | 47.00 | 128.00 | 175.00 | OK | |
r-patched-linux-x86_64 | 1.0.1 | 63.00 | 120.55 | 183.55 | OK | |
r-release-linux-x86_64 | 1.0.1 | 56.93 | 100.35 | 157.28 | OK | |
r-release-macos-arm64 | 1.0.1 | 65.00 | NOTE | |||
r-release-macos-x86_64 | 1.0.1 | 190.00 | NOTE | |||
r-release-windows-x86_64 | 1.0.1 | 47.00 | 127.00 | 174.00 | OK | |
r-oldrel-macos-arm64 | 1.0.1 | 84.00 | NOTE | |||
r-oldrel-macos-x86_64 | 1.0.1 | 179.00 | NOTE | |||
r-oldrel-windows-x86_64 | 1.0.1 | 57.00 | 153.00 | 210.00 | OK |
Version: 1.0.1
Check: installed package size
Result: NOTE
installed size is 7.3Mb
sub-directories of 1Mb or more:
doc 2.2Mb
libs 4.7Mb
Flavors: r-release-macos-arm64, r-release-macos-x86_64, r-oldrel-macos-arm64, r-oldrel-macos-x86_64