Last updated on 2024-05-04 09:49:52 CEST.
Flavor | Version | Tinstall | Tcheck | Ttotal | Status | Flags |
---|---|---|---|---|---|---|
r-devel-linux-x86_64-debian-clang | 1.2.1 | 15.42 | 163.05 | 178.47 | OK | |
r-devel-linux-x86_64-debian-gcc | 1.2.1 | 15.40 | 119.10 | 134.50 | OK | |
r-devel-linux-x86_64-fedora-clang | 1.2.1 | 244.89 | OK | |||
r-devel-linux-x86_64-fedora-gcc | 1.2.1 | 236.50 | OK | |||
r-devel-windows-x86_64 | 1.2.1 | 20.00 | 124.00 | 144.00 | OK | |
r-patched-linux-x86_64 | 1.2.1 | 17.83 | 156.26 | 174.09 | OK | |
r-release-linux-x86_64 | 1.2.1 | 12.54 | 154.59 | 167.13 | OK | |
r-release-macos-arm64 | 1.2.1 | 66.00 | OK | |||
r-release-macos-x86_64 | 1.2.1 | 118.00 | OK | |||
r-release-windows-x86_64 | 1.2.1 | 17.00 | 119.00 | 136.00 | ERROR | |
r-oldrel-macos-arm64 | 1.2.1 | 69.00 | OK | |||
r-oldrel-macos-x86_64 | 1.2.1 | 102.00 | OK | |||
r-oldrel-windows-x86_64 | 1.2.1 | 22.00 | 146.00 | 168.00 | OK |
Version: 1.2.1
Check: re-building of vignette outputs
Result: ERROR
Error(s) in re-building vignettes:
--- re-building 'exportToGui.rmd' using rmarkdown
Quitting from lines at lines 45-55 [unnamed-chunk-2] (exportToGui.rmd)
Error: processing vignette 'exportToGui.rmd' failed with diagnostics:
cannot open URL 'https://raw.githubusercontent.com/ToxPi/ToxPi-example-files/main/format_C.csv'
--- failed re-building 'exportToGui.rmd'
--- re-building 'importFromGui.Rmd' using rmarkdown
Quitting from lines at lines 20-27 [setup] (importFromGui.Rmd)
Error: processing vignette 'importFromGui.Rmd' failed with diagnostics:
cannot open URL 'https://raw.githubusercontent.com/ToxPi/ToxPi-example-files/main/format_C.csv'
--- failed re-building 'importFromGui.Rmd'
--- re-building 'introduction.Rmd' using rmarkdown
--- finished re-building 'introduction.Rmd'
SUMMARY: processing the following files failed:
'exportToGui.rmd' 'importFromGui.Rmd'
Error: Vignette re-building failed.
Execution halted
Flavor: r-release-windows-x86_64