Last updated on 2024-05-04 09:49:53 CEST.
Flavor | Version | Tinstall | Tcheck | Ttotal | Status | Flags |
---|---|---|---|---|---|---|
r-devel-linux-x86_64-debian-clang | 1.0.2 | 17.19 | 422.35 | 439.54 | NOTE | |
r-devel-linux-x86_64-debian-gcc | 1.0.2 | 12.95 | 289.72 | 302.67 | NOTE | |
r-devel-linux-x86_64-fedora-clang | 1.0.2 | 533.26 | NOTE | |||
r-devel-linux-x86_64-fedora-gcc | 1.0.2 | 494.29 | OK | |||
r-devel-windows-x86_64 | 1.0.2 | 14.00 | 263.00 | 277.00 | OK | |
r-patched-linux-x86_64 | 1.0.2 | 17.55 | 388.96 | 406.51 | NOTE | |
r-release-linux-x86_64 | 1.0.2 | 12.69 | 388.87 | 401.56 | NOTE | |
r-release-macos-arm64 | 1.0.2 | 131.00 | NOTE | |||
r-release-windows-x86_64 | 1.0.2 | 15.00 | 265.00 | 280.00 | OK | |
r-oldrel-macos-arm64 | 1.0.2 | 145.00 | NOTE | |||
r-oldrel-macos-x86_64 | 1.0.2 | 351.00 | NOTE | |||
r-oldrel-windows-x86_64 | 1.0.2 | 19.00 | 363.00 | 382.00 | NOTE |
Version: 1.0.2
Check: package dependencies
Result: NOTE
Package suggested but not available for checking: ‘INLA’
Flavors: r-devel-linux-x86_64-debian-clang, r-devel-linux-x86_64-debian-gcc, r-patched-linux-x86_64, r-release-linux-x86_64, r-release-macos-arm64, r-oldrel-macos-arm64, r-oldrel-macos-x86_64, r-oldrel-windows-x86_64
Version: 1.0.2
Check: Rd cross-references
Result: NOTE
Package unavailable to check Rd xrefs: ‘INLA’
Flavors: r-devel-linux-x86_64-debian-clang, r-devel-linux-x86_64-debian-gcc, r-patched-linux-x86_64, r-release-linux-x86_64, r-release-macos-arm64, r-oldrel-macos-arm64, r-oldrel-macos-x86_64, r-oldrel-windows-x86_64
Version: 1.0.2
Check: installed package size
Result: NOTE
installed size is 5.0Mb
sub-directories of 1Mb or more:
data 2.6Mb
Flavor: r-devel-linux-x86_64-fedora-clang