Last updated on 2024-05-04 09:49:54 CEST.
Flavor | Version | Tinstall | Tcheck | Ttotal | Status | Flags |
---|---|---|---|---|---|---|
r-devel-linux-x86_64-debian-clang | 2.4.2 | 0.52 | 2.27 | 2.79 | ERROR | |
r-devel-linux-x86_64-debian-gcc | 2.4.2 | 9.15 | 78.32 | 87.47 | OK | |
r-devel-linux-x86_64-fedora-clang | 2.4.2 | 159.92 | NOTE | |||
r-devel-linux-x86_64-fedora-gcc | 2.4.2 | 150.24 | OK | |||
r-devel-windows-x86_64 | 2.4.2 | 12.00 | 99.00 | 111.00 | OK | |
r-patched-linux-x86_64 | 2.4.2 | 10.52 | 103.97 | 114.49 | OK | |
r-release-linux-x86_64 | 2.4.2 | 9.82 | 103.73 | 113.55 | OK | |
r-release-macos-arm64 | 2.4.2 | 47.00 | OK | |||
r-release-macos-x86_64 | 2.4.2 | 81.00 | OK | |||
r-release-windows-x86_64 | 2.4.2 | 13.00 | 103.00 | 116.00 | OK | |
r-oldrel-macos-arm64 | 2.4.2 | 50.00 | OK | |||
r-oldrel-macos-x86_64 | 2.4.2 | 78.00 | OK | |||
r-oldrel-windows-x86_64 | 2.4.2 | 15.00 | 117.00 | 132.00 | OK |
Version: 2.4.2
Check: package dependencies
Result: ERROR
Package required but not available: ‘DESeq2’
See section ‘The DESCRIPTION file’ in the ‘Writing R Extensions’
manual.
Flavor: r-devel-linux-x86_64-debian-clang
Version: 2.4.2
Check: package dependencies
Result: NOTE
Imports includes 31 non-default packages.
Importing from so many packages makes the package vulnerable to any of
them becoming unavailable. Move as many as possible to Suggests and
use conditionally.
Flavor: r-devel-linux-x86_64-fedora-clang