Last updated on 2024-05-04 09:49:54 CEST.
Flavor | Version | Tinstall | Tcheck | Ttotal | Status | Flags |
---|---|---|---|---|---|---|
r-devel-linux-x86_64-debian-clang | 1.8-4 | 3.06 | 69.40 | 72.46 | NOTE | |
r-devel-linux-x86_64-debian-gcc | 1.8-4 | 2.04 | 53.15 | 55.19 | NOTE | |
r-devel-linux-x86_64-fedora-clang | 1.8-4 | 94.81 | NOTE | |||
r-devel-linux-x86_64-fedora-gcc | 1.8-4 | 109.30 | NOTE | |||
r-devel-windows-x86_64 | 1.8-4 | 6.00 | 118.00 | 124.00 | OK | |
r-patched-linux-x86_64 | 1.8-4 | 3.35 | 66.66 | 70.01 | NOTE | |
r-release-linux-x86_64 | 1.8-4 | 3.32 | 66.54 | 69.86 | NOTE | |
r-release-macos-arm64 | 1.8-4 | 50.00 | OK | |||
r-release-macos-x86_64 | 1.8-4 | 35.00 | WARN | |||
r-release-windows-x86_64 | 1.8-4 | 6.00 | 115.00 | 121.00 | OK | |
r-oldrel-macos-arm64 | 1.8-4 | 57.00 | OK | |||
r-oldrel-macos-x86_64 | 1.8-4 | 61.00 | OK | |||
r-oldrel-windows-x86_64 | 1.8-4 | 6.00 | 111.00 | 117.00 | OK |
Version: 1.8-4
Check: for non-standard things in the check directory
Result: NOTE
Found the following files/directories:
‘xtable.html’ ‘xtable.tex’
Flavors: r-devel-linux-x86_64-debian-clang, r-devel-linux-x86_64-debian-gcc, r-devel-linux-x86_64-fedora-clang, r-devel-linux-x86_64-fedora-gcc, r-patched-linux-x86_64, r-release-linux-x86_64
Version: 1.8-4
Check: package dependencies
Result: WARN
Skipping vignette re-building
Packages suggested but not available for checking: 'knitr', 'plm', 'zoo'
VignetteBuilder package required for checking but not installed: ‘knitr’
Files named as vignettes but with no recognized vignette engine:
‘inst/doc/OtherPackagesGallery.Rnw’
‘inst/doc/listOfTablesGallery.Rnw’
‘inst/doc/margintable.Rnw’
‘inst/doc/xtableGallery.Rnw’
(Is a VignetteBuilder field missing?)
Flavor: r-release-macos-x86_64
Version: 1.8-4
Check: files in ‘vignettes’
Result: NOTE
Files named as vignettes but with no recognized vignette engine:
‘vignettes/OtherPackagesGallery.Rnw’
‘vignettes/listOfTablesGallery.Rnw’
‘vignettes/margintable.Rnw’
‘vignettes/xtableGallery.Rnw’
(Is a VignetteBuilder field missing?)
Flavor: r-release-macos-x86_64
Version: 1.8-4
Check: package vignettes
Result: NOTE
Package has ‘vignettes’ subdirectory but apparently no vignettes.
Perhaps the ‘VignetteBuilder’ information is missing from the
DESCRIPTION file?
Flavor: r-release-macos-x86_64