Last updated on 2024-05-02 10:49:08 CEST.
Flavor | Version | Tinstall | Tcheck | Ttotal | Status | Flags |
---|---|---|---|---|---|---|
r-devel-linux-x86_64-debian-clang | 0.4 | 3.03 | 30.89 | 33.92 | NOTE | |
r-devel-linux-x86_64-debian-gcc | 0.4 | 2.55 | 23.37 | 25.92 | NOTE | |
r-devel-linux-x86_64-fedora-clang | 0.4 | 42.44 | NOTE | |||
r-devel-linux-x86_64-fedora-gcc | 0.4 | 40.32 | NOTE | |||
r-devel-windows-x86_64 | 0.4 | 3.00 | 46.00 | 49.00 | NOTE | |
r-patched-linux-x86_64 | 0.4 | 3.06 | 29.79 | 32.85 | NOTE | |
r-release-linux-x86_64 | 0.4 | 3.14 | 29.21 | 32.35 | NOTE | |
r-release-macos-arm64 | 0.4 | 16.00 | NOTE | |||
r-release-windows-x86_64 | 0.4 | 3.00 | 45.00 | 48.00 | NOTE | |
r-oldrel-macos-arm64 | 0.4 | 18.00 | NOTE | |||
r-oldrel-macos-x86_64 | 0.4 | 27.00 | NOTE | |||
r-oldrel-windows-x86_64 | 0.4 | 5.00 | 46.00 | 51.00 | NOTE |
Version: 0.4
Check: DESCRIPTION meta-information
Result: NOTE
Malformed Description field: should contain one or more complete sentences.
Flavors: r-devel-linux-x86_64-debian-clang, r-devel-linux-x86_64-debian-gcc, r-devel-linux-x86_64-fedora-clang, r-devel-linux-x86_64-fedora-gcc, r-devel-windows-x86_64, r-patched-linux-x86_64, r-release-linux-x86_64, r-release-macos-arm64, r-release-windows-x86_64, r-oldrel-macos-arm64, r-oldrel-macos-x86_64, r-oldrel-windows-x86_64