Back to the "Multiple platform build/check report"
| Package 17/48 | Hostname | OS | Arch | BUILD | CHECK | BUILD BIN |
GGdata0.0-7stvjcLast Changed Date: 2007-04-18 17:11:44 -0700 Last Changed Rev: 280 | lamb1 | Linux (SUSE 10.1) | x86_64 | OK | [ WARNINGS ] | |
| lemming | Windows Server 2003 (32-bit) | x64 | OK | WARNINGS | OK |
| Package: GGdata |
| Version: 0.0-7 |
| Command: /home/biocbuild/bbs-2.0-bioc/R/bin/R CMD check GGdata_0.0-7.tar.gz |
| RetCode: 0 |
| Time: 247.2 seconds |
| Status: WARNINGS |
| CheckDir: GGdata.Rcheck |
| Warnings: 1 |
* checking for working latex ... OK * using log directory '/home/biocbuild/bbs-2.0-data-experiment/meat/GGdata.Rcheck' * using R version 2.5.1 (2007-06-27) * checking for file 'GGdata/DESCRIPTION' ... OK * this is package 'GGdata' version '0.0-7' * checking package dependencies ... OK * checking if this is a source package ... OK * checking whether package 'GGdata' can be installed ... OK * checking package directory ... OK * checking for portable file names ... OK * checking for sufficient/correct file permissions ... OK * checking DESCRIPTION meta-information ... OK * checking top-level files ... OK * checking index information ... OK * checking package subdirectories ... OK * checking whether the package can be loaded ... OK * checking whether the package can be loaded with stated dependencies ... OK * checking Rd files ... OK * checking Rd cross-references ... OK * checking for missing documentation entries ... WARNING Undocumented data sets: geneLocs hgfocusSYMMEMO All user-level objects in a package should have documentation entries. See the chapter 'Writing R documentation files' in manual 'Writing R Extensions'. * checking for code/documentation mismatches ... OK * checking Rd \usage sections ... OK * checking data for non-ASCII characters ... OK * creating GGdata-Ex.R ... OK * checking examples ... OK * creating GGdata-manual.tex ... OK * checking GGdata-manual.tex ... OK WARNING: There was 1 warning, see /home/biocbuild/bbs-2.0-data-experiment/meat/GGdata.Rcheck/00check.log for details
GGdata.Rcheck/00install.out:
* Installing *source* package 'GGdata' ...
** data
** help
>>> Building/Updating help pages for package 'GGdata'
Formats: text html latex example
c20GGceu text html latex example
chr20meta text html latex example
** building package indices ...
Loading required package: methods
* DONE (GGdata)