Back to the "Multiple platform build/check report"
| Package 36/48 | Hostname | OS | Arch | BUILD | CHECK | BUILD BIN |
ppiData0.1.7Tony ChiangLast Changed Date: 2007-06-06 14:49:24 -0700 Last Changed Rev: 341 | lamb1 | Linux (SUSE 10.1) | x86_64 | OK | [ WARNINGS ] | |
| lemming | Windows Server 2003 (32-bit) | x64 | OK | WARNINGS | OK |
| Package: ppiData |
| Version: 0.1.7 |
| Command: /home/biocbuild/bbs-2.0-bioc/R/bin/R CMD check ppiData_0.1.7.tar.gz |
| RetCode: 0 |
| Time: 142.3 seconds |
| Status: WARNINGS |
| CheckDir: ppiData.Rcheck |
| Warnings: 2 |
* checking for working latex ... OK * using log directory '/home/biocbuild/bbs-2.0-data-experiment/meat/ppiData.Rcheck' * using R version 2.5.1 (2007-06-27) * checking for file 'ppiData/DESCRIPTION' ... OK * this is package 'ppiData' version '0.1.7' * checking package dependencies ... OK * checking if this is a source package ... OK * checking whether package 'ppiData' can be installed ... OK * checking package directory ... OK * checking for portable file names ... OK * checking for sufficient/correct file permissions ... OK * checking DESCRIPTION meta-information ... OK * checking top-level files ... OK * checking index information ... OK * checking package subdirectories ... OK * checking R files for non-ASCII characters ... OK * checking R files for syntax errors ... OK * checking whether the package can be loaded ... OK * checking whether the package can be loaded with stated dependencies ... OK * checking for unstated dependencies in R code ... OK * checking S3 generic/method consistency ... OK * checking replacement functions ... OK * checking foreign function calls ... OK * checking R code for possible problems ... OK * checking Rd files ... OK * checking Rd cross-references ... OK * checking for missing documentation entries ... WARNING Undocumented code objects: ItoCore2001BPGraph ItoFull2001BPGraph twTableAPMS twTableY2H All user-level objects in a package should have documentation entries. See the chapter 'Writing R documentation files' in manual 'Writing R Extensions'. * checking for code/documentation mismatches ... WARNING Data sets with usage in documentation object 'bpExperimentNames' but not in code: bpGraphNames Data sets with usage in documentation object 'intActPPIData' but not in code: intactPPIData Data sets with usage in documentation object 'stochasticBaits' but not in code: stocasticBaits * checking Rd \usage sections ... OK * checking data for non-ASCII characters ... OK * creating ppiData-Ex.R ... OK * checking examples ... OK * checking package vignettes in 'inst/doc' ... OK * creating ppiData-manual.tex ... OK * checking ppiData-manual.tex ... OK WARNING: There were 2 warnings, see /home/biocbuild/bbs-2.0-data-experiment/meat/ppiData.Rcheck/00check.log for details
ppiData.Rcheck/00install.out:
* Installing *source* package 'ppiData' ...
** R
** data
** moving datasets to lazyload DB
** inst
** preparing package for lazy loading
Loading required package: Rgraphviz
Loading required package: graph
Loading required package: geneplotter
Loading required package: annotate
Loading required package: Biobase
Loading required package: tools
Welcome to Bioconductor
Vignettes contain introductory material. To view, type
'openVignette()'. To cite Bioconductor, see
'citation("Biobase")' and for packages 'citation(pkgname)'.
Loading required package: lattice
KernSmooth 2.22 installed
Copyright M. P. Wand 1997
Attaching package: 'Rgraphviz'
The following object(s) are masked from package:annotate :
toFile
** help
>>> Building/Updating help pages for package 'ppiData'
Formats: text html latex example
Cagney2001BPGraph text html latex example
Gavin2002BPGraph text html latex example
Gavin2006bPGraph text html latex example
Hazbun2003BPGraph text html latex example
Ho2002BPGraph text html latex example
Ito2001BPGraph text html latex example
Krogan2004BPGraph text html latex example
Krogan2006BPGraph text html latex example
Tong2002BPGraph text html latex example
Uetz2000BPGraph1 text html latex example
Uetz2000BPGraph2 text html latex example
Zhao2005BPGraph text html latex example
bpExperimentNames text html latex example
collectIntactPPIData text html latex example
createBPList text html latex example
intAct2Sys text html latex example
intActPPIData text html latex example
map2Systematic text html latex example
map2Systematic2 text html latex
ppipred text html latex example
proteinProperty text html latex example
sWAC2Sys text html latex example
stochasticBaits text html latex example
tableList text html latex example
viableProteins text html latex example
y2h text html latex example
y2hSysGW text html latex example
** building package indices ...
* DONE (ppiData)