| dyebiasexamples 1.0.8 Philip Lijnzaad
 
 | Snapshot Date: 2012-09-23 10:15:26 -0700 (Sun, 23 Sep 2012) |  | URL: https://hedgehog.fhcrc.org/bioc-data/trunk/experiment/pkgs/dyebiasexamples |  | Last Changed Rev: 2037 / Revision: 2159 |  | Last Changed Date: 2012-03-30 15:20:09 -0700 (Fri, 30 Mar 2012) | 
 | lamb2 | Linux (openSUSE 11.4) / x86_64 | OK | [ WARNINGS ] |  | 
| moscato2 | Windows Server 2008 R2 Enterprise SP1 (64-bit) / x64 | OK | WARNINGS | OK | 
| petty | Mac OS X Leopard (10.5.8) / i386 | OK | WARNINGS | OK | 
* using log directory ‘/loc/home/biocbuild/bbs-2.10-data-experiment/meat/dyebiasexamples.Rcheck’
* using R version 2.15.1 (2012-06-22)
* using platform: x86_64-unknown-linux-gnu (64-bit)
* using session charset: UTF-8
* using option ‘--no-vignettes’
* checking for file ‘dyebiasexamples/DESCRIPTION’ ... OK
* this is package ‘dyebiasexamples’ version ‘1.0.8’
* checking package namespace information ... OK
* checking package dependencies ... OK
* checking if this is a source package ... OK
* checking if there is a namespace ... OK
* checking whether package ‘dyebiasexamples’ can be installed ... OK
* checking installed package size ... NOTE
  installed size is 40.3Mb
  sub-directories of 1Mb or more:
    data        5.3Mb
    extradata  34.8Mb
* checking package directory ... OK
* checking for portable file names ... OK
* checking for sufficient/correct file permissions ... OK
* checking DESCRIPTION meta-information ... OK
* checking top-level files ... OK
* checking index information ... OK
* checking package subdirectories ... OK
* checking R files for non-ASCII characters ... OK
* checking R files for syntax errors ... OK
* checking whether the package can be loaded ... OK
* checking whether the package can be loaded with stated dependencies ... OK
* checking whether the package can be unloaded cleanly ... OK
* checking whether the namespace can be loaded with stated dependencies ... OK
* checking whether the namespace can be unloaded cleanly ... OK
* checking for unstated dependencies in R code ... OK
* checking S3 generic/method consistency ... OK
* checking replacement functions ... OK
* checking foreign function calls ... OK
* checking R code for possible problems ... OK
* checking Rd files ... OK
* checking Rd metadata ... OK
* checking Rd cross-references ... OK
* checking for missing documentation entries ... OK
* checking for code/documentation mismatches ... WARNING
Codoc mismatches from documentation object 'dyebias.geo2marray':
dyebias.geo2marray
  Code: function(gse, slide.ids = NULL, type = "norm", gene.selector =
                 function(table) { T}, reporterid.name, cy3.name,
                 cy5.name, R.name = NULL, G.name = NULL, M.name = NULL,
                 A.name = NULL, Rf.name = NULL, Gf.name = NULL, Rb.name
                 = NULL, Gb.name = NULL)
  Docs: function(gse, slide.ids = NULL, type = "norm", gene.selector =
                 function(table) { TRUE}, reporterid.name, cy3.name,
                 cy5.name, R.name = NULL, G.name = NULL, M.name = NULL,
                 A.name = NULL, Rf.name = NULL, Gf.name = NULL, Rb.name
                 = NULL, Gb.name = NULL)
  Mismatches in argument default values:
    Name: 'gene.selector'
    Code: function(table) {
          T
      }
    Docs: function(table) {
          TRUE
      }
* checking Rd \usage sections ... OK
* checking Rd contents ... OK
* checking for unstated dependencies in examples ... OK
* checking contents of ‘data’ directory ... WARNING
Files not of a type allowed in a ‘data’ directory:
  ‘README’
Please use e.g. ‘inst/extdata’ for non-R data files
* checking data for non-ASCII characters ... OK
* checking data for ASCII and uncompressed saves ... WARNING
  
  Note: significantly better compression could be obtained
        by using R CMD build --resave-data
                old_size new_size compress
  data.norm.rda    2.1Mb    1.5Mb       xz
  data.raw.rda     3.2Mb    2.2Mb       xz
* checking installed files from ‘inst/doc’ ... OK
* checking examples ... OK
* checking PDF version of manual ... OK
WARNING: There were 3 warnings.
NOTE: There was 1 note.
See
  ‘/loc/home/biocbuild/bbs-2.10-data-experiment/meat/dyebiasexamples.Rcheck/00check.log’
for details.